 {"id":6088,"date":"2026-03-05T08:49:47","date_gmt":"2026-03-05T13:49:47","guid":{"rendered":"https:\/\/marymountbq.edu.co\/site\/?page_id=6088"},"modified":"2026-03-06T11:17:52","modified_gmt":"2026-03-06T16:17:52","slug":"admisiones","status":"publish","type":"page","link":"https:\/\/marymountbq.edu.co\/site\/admisiones\/","title":{"rendered":"Admisiones"},"content":{"rendered":"\t\t<div data-elementor-type=\"wp-page\" data-elementor-id=\"6088\" class=\"elementor elementor-6088\">\n\t\t\t\t<div class=\"elementor-element elementor-element-c52cff3 e-flex e-con-boxed e-con e-parent\" data-id=\"c52cff3\" data-element_type=\"container\" data-e-type=\"container\" data-settings=\"{&quot;background_background&quot;:&quot;classic&quot;}\">\n\t\t\t\t\t<div class=\"e-con-inner\">\n\t\t<div class=\"elementor-element elementor-element-3ced8a2 e-con-full e-flex e-con e-child\" data-id=\"3ced8a2\" data-element_type=\"container\" data-e-type=\"container\">\n\t\t\t\t<div class=\"elementor-element elementor-element-2469977 e-transform elementor-widget elementor-widget-heading\" data-id=\"2469977\" data-element_type=\"widget\" data-e-type=\"widget\" data-settings=\"{&quot;_transform_scale_effect&quot;:{&quot;unit&quot;:&quot;px&quot;,&quot;size&quot;:2,&quot;sizes&quot;:[]},&quot;_transform_scale_effect_tablet&quot;:{&quot;unit&quot;:&quot;px&quot;,&quot;size&quot;:&quot;&quot;,&quot;sizes&quot;:[]},&quot;_transform_scale_effect_mobile&quot;:{&quot;unit&quot;:&quot;px&quot;,&quot;size&quot;:&quot;&quot;,&quot;sizes&quot;:[]}}\" data-widget_type=\"heading.default\">\n\t\t\t\t<div class=\"elementor-widget-container\">\n\t\t\t\t\t<h1 class=\"elementor-heading-title elementor-size-default\">Admisiones<\/h1>\t\t\t\t<\/div>\n\t\t\t\t<\/div>\n\t\t\t\t<\/div>\n\t\t\t\t\t<\/div>\n\t\t\t\t<\/div>\n\t\t<div class=\"elementor-element elementor-element-1af6882 e-flex e-con-boxed e-con e-parent\" data-id=\"1af6882\" data-element_type=\"container\" data-e-type=\"container\">\n\t\t\t\t\t<div class=\"e-con-inner\">\n\t\t<div class=\"elementor-element elementor-element-7c780e5 e-con-full e-flex e-con e-child\" data-id=\"7c780e5\" data-element_type=\"container\" data-e-type=\"container\">\n\t\t\t\t<div class=\"elementor-element elementor-element-ea91488 elementor-widget elementor-widget-text-editor\" data-id=\"ea91488\" data-element_type=\"widget\" data-e-type=\"widget\" data-widget_type=\"text-editor.default\">\n\t\t\t\t<div class=\"elementor-widget-container\">\n\t\t\t\t\t\t\t\t\t<p>Gracias por confiar en el Colegio Marymount de Barranquilla. Somos una comunidad educativa \u00fanica, basada en principios cat\u00f3licos, comprometida con formar l\u00edderes capaces de transformar el mundo. Lo que nos hace especiales es &#8216;The Marymount Way&#8217;, un enfoque integral que prepara a nuestros estudiantes para enfrentar los retos de una sociedad globalizada, siempre guiados por el conocimiento, el liderazgo emprendedor y la competencia global.<\/p>\n<p>Con el apoyo de toda nuestra comunidad, cada estudiante se embarca en un proyecto de vida transformador, logrando su m\u00e1ximo potencial y dejando una huella significativa. Aqu\u00ed, preparamos a los l\u00edderes del ma\u00f1ana, graduados con el sello inconfundible de Marymount.<\/p>\t\t\t\t\t\t\t\t<\/div>\n\t\t\t\t<\/div>\n\t\t\t\t<\/div>\n\t\t<div class=\"elementor-element elementor-element-54b4966 e-con-full e-flex e-con e-child\" data-id=\"54b4966\" data-element_type=\"container\" data-e-type=\"container\">\n\t\t\t\t<div class=\"elementor-element elementor-element-c60e655 elementor-widget elementor-widget-image\" data-id=\"c60e655\" data-element_type=\"widget\" data-e-type=\"widget\" data-widget_type=\"image.default\">\n\t\t\t\t<div class=\"elementor-widget-container\">\n\t\t\t\t\t\t\t\t\t\t\t\t\t\t\t<img fetchpriority=\"high\" decoding=\"async\" width=\"612\" height=\"408\" src=\"https:\/\/marymountbq.edu.co\/site\/wp-content\/uploads\/2024\/10\/Sin-titulo-30-x-30-cm-5.184-x-3.456-cm-1.png\" class=\"attachment-large size-large wp-image-2460\" alt=\"\" srcset=\"https:\/\/marymountbq.edu.co\/site\/wp-content\/uploads\/2024\/10\/Sin-titulo-30-x-30-cm-5.184-x-3.456-cm-1.png 612w, https:\/\/marymountbq.edu.co\/site\/wp-content\/uploads\/2024\/10\/Sin-titulo-30-x-30-cm-5.184-x-3.456-cm-1-300x200.png 300w\" sizes=\"(max-width: 612px) 100vw, 612px\" \/>\t\t\t\t\t\t\t\t\t\t\t\t\t\t\t<\/div>\n\t\t\t\t<\/div>\n\t\t<div class=\"elementor-element elementor-element-ec68e38 e-con-full e-flex e-con e-child\" data-id=\"ec68e38\" data-element_type=\"container\" data-e-type=\"container\">\n\t\t<div class=\"elementor-element elementor-element-52bc5a6 e-con-full e-flex e-con e-child\" data-id=\"52bc5a6\" data-element_type=\"container\" data-e-type=\"container\">\n\t\t\t\t<div class=\"elementor-element elementor-element-cf12823 elementor-widget__width-initial elementor-widget elementor-widget-button\" data-id=\"cf12823\" data-element_type=\"widget\" data-e-type=\"widget\" data-widget_type=\"button.default\">\n\t\t\t\t<div class=\"elementor-widget-container\">\n\t\t\t\t\t\t\t\t\t<div class=\"elementor-button-wrapper\">\n\t\t\t\t\t<a class=\"elementor-button elementor-button-link elementor-size-sm\" href=\"https:\/\/marymountbq.edu.co\/site\/proceso-paso-a-paso\/\">\n\t\t\t\t\t\t<span class=\"elementor-button-content-wrapper\">\n\t\t\t\t\t\t\t\t\t<span class=\"elementor-button-text\">INSCRIPCIONES\n2026-2027<\/span>\n\t\t\t\t\t<\/span>\n\t\t\t\t\t<\/a>\n\t\t\t\t<\/div>\n\t\t\t\t\t\t\t\t<\/div>\n\t\t\t\t<\/div>\n\t\t\t\t<\/div>\n\t\t<div class=\"elementor-element elementor-element-7593b8f e-con-full e-flex e-con e-child\" data-id=\"7593b8f\" data-element_type=\"container\" data-e-type=\"container\">\n\t\t\t\t<div class=\"elementor-element elementor-element-db9c979 elementor-align-center elementor-widget__width-initial elementor-widget elementor-widget-button\" data-id=\"db9c979\" data-element_type=\"widget\" data-e-type=\"widget\" data-widget_type=\"button.default\">\n\t\t\t\t<div class=\"elementor-widget-container\">\n\t\t\t\t\t\t\t\t\t<div class=\"elementor-button-wrapper\">\n\t\t\t\t\t<a class=\"elementor-button elementor-button-link elementor-size-sm\" href=\"https:\/\/marymountbq.edu.co\/site\/proceso-paso-a-paso-2027-2028\/\">\n\t\t\t\t\t\t<span class=\"elementor-button-content-wrapper\">\n\t\t\t\t\t\t\t\t\t<span class=\"elementor-button-text\"><span>INSCRIPCIONES\n2027-2028<\/span><span><\/span><\/span>\n\t\t\t\t\t<\/span>\n\t\t\t\t\t<\/a>\n\t\t\t\t<\/div>\n\t\t\t\t\t\t\t\t<\/div>\n\t\t\t\t<\/div>\n\t\t\t\t<\/div>\n\t\t\t\t<\/div>\n\t\t\t\t<\/div>\n\t\t\t\t\t<\/div>\n\t\t\t\t<\/div>\n\t\t<div class=\"elementor-element elementor-element-4bcf136 e-flex e-con-boxed e-con e-parent\" data-id=\"4bcf136\" data-element_type=\"container\" data-e-type=\"container\">\n\t\t\t\t\t<div class=\"e-con-inner\">\n\t\t\t\t<div class=\"elementor-element elementor-element-b337dae elementor-widget elementor-widget-heading\" data-id=\"b337dae\" data-element_type=\"widget\" data-e-type=\"widget\" data-widget_type=\"heading.default\">\n\t\t\t\t<div class=\"elementor-widget-container\">\n\t\t\t\t\t<h2 class=\"elementor-heading-title elementor-size-default\">SOMOS LOS L\u00cdDERES FORMANDO L\u00cdDERES<\/h2>\t\t\t\t<\/div>\n\t\t\t\t<\/div>\n\t\t\t\t<div class=\"elementor-element elementor-element-e51a7fe elementor-widget elementor-widget-image\" data-id=\"e51a7fe\" data-element_type=\"widget\" data-e-type=\"widget\" data-widget_type=\"image.default\">\n\t\t\t\t<div class=\"elementor-widget-container\">\n\t\t\t\t\t\t\t\t\t\t\t\t\t\t\t<img decoding=\"async\" width=\"1024\" height=\"312\" src=\"https:\/\/marymountbq.edu.co\/site\/wp-content\/uploads\/2024\/10\/Copia-de-Copia-de-Sin-titulo-4.001-x-1.207-cm-1920-x-585-px-1024x312.png\" class=\"attachment-large size-large wp-image-2583\" alt=\"\" srcset=\"https:\/\/marymountbq.edu.co\/site\/wp-content\/uploads\/2024\/10\/Copia-de-Copia-de-Sin-titulo-4.001-x-1.207-cm-1920-x-585-px-1024x312.png 1024w, https:\/\/marymountbq.edu.co\/site\/wp-content\/uploads\/2024\/10\/Copia-de-Copia-de-Sin-titulo-4.001-x-1.207-cm-1920-x-585-px-300x91.png 300w, https:\/\/marymountbq.edu.co\/site\/wp-content\/uploads\/2024\/10\/Copia-de-Copia-de-Sin-titulo-4.001-x-1.207-cm-1920-x-585-px-768x234.png 768w, https:\/\/marymountbq.edu.co\/site\/wp-content\/uploads\/2024\/10\/Copia-de-Copia-de-Sin-titulo-4.001-x-1.207-cm-1920-x-585-px-1536x468.png 1536w, https:\/\/marymountbq.edu.co\/site\/wp-content\/uploads\/2024\/10\/Copia-de-Copia-de-Sin-titulo-4.001-x-1.207-cm-1920-x-585-px.png 1920w\" sizes=\"(max-width: 1024px) 100vw, 1024px\" \/>\t\t\t\t\t\t\t\t\t\t\t\t\t\t\t<\/div>\n\t\t\t\t<\/div>\n\t\t\t\t\t<\/div>\n\t\t\t\t<\/div>\n\t\t<div class=\"elementor-element elementor-element-6af6143 e-flex e-con-boxed e-con e-parent\" data-id=\"6af6143\" data-element_type=\"container\" data-e-type=\"container\">\n\t\t\t\t\t<div class=\"e-con-inner\">\n\t\t\t\t<div class=\"elementor-element elementor-element-2e0b780 elementor-widget elementor-widget-heading\" data-id=\"2e0b780\" data-element_type=\"widget\" data-e-type=\"widget\" data-widget_type=\"heading.default\">\n\t\t\t\t<div class=\"elementor-widget-container\">\n\t\t\t\t\t<h2 class=\"elementor-heading-title elementor-size-default\">CONOCE NUESTRO CAMPUS<\/h2>\t\t\t\t<\/div>\n\t\t\t\t<\/div>\n\t\t\t\t\t<\/div>\n\t\t\t\t<\/div>\n\t\t<div class=\"elementor-element elementor-element-09a699e e-flex e-con-boxed e-con e-parent\" data-id=\"09a699e\" data-element_type=\"container\" data-e-type=\"container\">\n\t\t\t\t\t<div class=\"e-con-inner\">\n\t\t\t\t<div class=\"elementor-element elementor-element-26c81c1 elementor-widget elementor-widget-video\" data-id=\"26c81c1\" data-element_type=\"widget\" data-e-type=\"widget\" data-settings=\"{&quot;youtube_url&quot;:&quot;https:\\\/\\\/www.youtube.com\\\/watch?v=DhQOx-WxYR8&quot;,&quot;video_type&quot;:&quot;youtube&quot;,&quot;controls&quot;:&quot;yes&quot;}\" data-widget_type=\"video.default\">\n\t\t\t\t<div class=\"elementor-widget-container\">\n\t\t\t\t\t\t\t<div class=\"elementor-wrapper elementor-open-inline\">\n\t\t\t<div class=\"elementor-video\"><\/div>\t\t<\/div>\n\t\t\t\t\t\t<\/div>\n\t\t\t\t<\/div>\n\t\t\t\t\t<\/div>\n\t\t\t\t<\/div>\n\t\t<div class=\"elementor-element elementor-element-672ae62 e-flex e-con-boxed e-con e-parent\" data-id=\"672ae62\" data-element_type=\"container\" data-e-type=\"container\">\n\t\t\t\t\t<div class=\"e-con-inner\">\n\t\t\t\t<div class=\"elementor-element elementor-element-d384380 elementor-widget elementor-widget-heading\" data-id=\"d384380\" data-element_type=\"widget\" data-e-type=\"widget\" data-widget_type=\"heading.default\">\n\t\t\t\t<div class=\"elementor-widget-container\">\n\t\t\t\t\t<h2 class=\"elementor-heading-title elementor-size-default\">TESTIMONIOS DE NUESTRA COMUNIDAD<\/h2>\t\t\t\t<\/div>\n\t\t\t\t<\/div>\n\t\t<div class=\"elementor-element elementor-element-34f9f42 e-con-full e-flex e-con e-child\" data-id=\"34f9f42\" data-element_type=\"container\" data-e-type=\"container\">\n\t\t<div class=\"elementor-element elementor-element-d8daf73 e-grid e-con-full e-con e-child\" data-id=\"d8daf73\" data-element_type=\"container\" data-e-type=\"container\">\n\t\t<div class=\"elementor-element elementor-element-dbb1164 e-con-full e-flex e-con e-child\" data-id=\"dbb1164\" data-element_type=\"container\" data-e-type=\"container\">\n\t\t\t\t<div class=\"elementor-element elementor-element-b3ffd6d elementor-widget__width-initial elementor-widget elementor-widget-image\" data-id=\"b3ffd6d\" data-element_type=\"widget\" data-e-type=\"widget\" data-widget_type=\"image.default\">\n\t\t\t\t<div class=\"elementor-widget-container\">\n\t\t\t\t\t\t\t\t\t\t\t\t\t\t\t<img decoding=\"async\" width=\"1024\" height=\"683\" src=\"https:\/\/marymountbq.edu.co\/site\/wp-content\/uploads\/2024\/10\/1-2-1024x683.jpg\" class=\"attachment-large size-large wp-image-2655\" alt=\"\" srcset=\"https:\/\/marymountbq.edu.co\/site\/wp-content\/uploads\/2024\/10\/1-2-1024x683.jpg 1024w, https:\/\/marymountbq.edu.co\/site\/wp-content\/uploads\/2024\/10\/1-2-300x200.jpg 300w, https:\/\/marymountbq.edu.co\/site\/wp-content\/uploads\/2024\/10\/1-2-768x512.jpg 768w, https:\/\/marymountbq.edu.co\/site\/wp-content\/uploads\/2024\/10\/1-2-1536x1024.jpg 1536w, https:\/\/marymountbq.edu.co\/site\/wp-content\/uploads\/2024\/10\/1-2-2048x1365.jpg 2048w\" sizes=\"(max-width: 1024px) 100vw, 1024px\" \/>\t\t\t\t\t\t\t\t\t\t\t\t\t\t\t<\/div>\n\t\t\t\t<\/div>\n\t\t\t\t<div class=\"elementor-element elementor-element-58201bb elementor-widget elementor-widget-heading\" data-id=\"58201bb\" data-element_type=\"widget\" data-e-type=\"widget\" data-widget_type=\"heading.default\">\n\t\t\t\t<div class=\"elementor-widget-container\">\n\t\t\t\t\t<h2 class=\"elementor-heading-title elementor-size-default\">Carolina Giha<\/h2>\t\t\t\t<\/div>\n\t\t\t\t<\/div>\n\t\t\t\t<div class=\"elementor-element elementor-element-4b62699 elementor-widget elementor-widget-heading\" data-id=\"4b62699\" data-element_type=\"widget\" data-e-type=\"widget\" data-widget_type=\"heading.default\">\n\t\t\t\t<div class=\"elementor-widget-container\">\n\t\t\t\t\t<h2 class=\"elementor-heading-title elementor-size-default\">Exalumna<\/h2>\t\t\t\t<\/div>\n\t\t\t\t<\/div>\n\t\t\t\t<div class=\"elementor-element elementor-element-1216e30 elementor-widget elementor-widget-text-editor\" data-id=\"1216e30\" data-element_type=\"widget\" data-e-type=\"widget\" data-widget_type=\"text-editor.default\">\n\t\t\t\t<div class=\"elementor-widget-container\">\n\t\t\t\t\t\t\t\t\t<p>\u201cMarymount enfatiza la importancia de la espiritualidad y la \u00e9tica en la formaci\u00f3n de nuestros hijos, acorde a los valores que profesamos en nuestra familia.\u201d<\/p>\t\t\t\t\t\t\t\t<\/div>\n\t\t\t\t<\/div>\n\t\t\t\t<\/div>\n\t\t<div class=\"elementor-element elementor-element-1e01636 e-con-full e-flex e-con e-child\" data-id=\"1e01636\" data-element_type=\"container\" data-e-type=\"container\">\n\t\t\t\t<div class=\"elementor-element elementor-element-6a47632 elementor-widget__width-initial elementor-widget elementor-widget-image\" data-id=\"6a47632\" data-element_type=\"widget\" data-e-type=\"widget\" data-widget_type=\"image.default\">\n\t\t\t\t<div class=\"elementor-widget-container\">\n\t\t\t\t\t\t\t\t\t\t\t\t\t\t\t<img loading=\"lazy\" decoding=\"async\" width=\"1024\" height=\"683\" src=\"https:\/\/marymountbq.edu.co\/site\/wp-content\/uploads\/2025\/06\/ANTONIO-TURNS-4-101-1-1024x683.jpg\" class=\"attachment-large size-large wp-image-3856\" alt=\"\" srcset=\"https:\/\/marymountbq.edu.co\/site\/wp-content\/uploads\/2025\/06\/ANTONIO-TURNS-4-101-1-1024x683.jpg 1024w, https:\/\/marymountbq.edu.co\/site\/wp-content\/uploads\/2025\/06\/ANTONIO-TURNS-4-101-1-300x200.jpg 300w, https:\/\/marymountbq.edu.co\/site\/wp-content\/uploads\/2025\/06\/ANTONIO-TURNS-4-101-1-768x512.jpg 768w, https:\/\/marymountbq.edu.co\/site\/wp-content\/uploads\/2025\/06\/ANTONIO-TURNS-4-101-1-1536x1024.jpg 1536w, https:\/\/marymountbq.edu.co\/site\/wp-content\/uploads\/2025\/06\/ANTONIO-TURNS-4-101-1-2048x1366.jpg 2048w\" sizes=\"(max-width: 1024px) 100vw, 1024px\" \/>\t\t\t\t\t\t\t\t\t\t\t\t\t\t\t<\/div>\n\t\t\t\t<\/div>\n\t\t\t\t<div class=\"elementor-element elementor-element-16d3aec elementor-widget elementor-widget-heading\" data-id=\"16d3aec\" data-element_type=\"widget\" data-e-type=\"widget\" data-widget_type=\"heading.default\">\n\t\t\t\t<div class=\"elementor-widget-container\">\n\t\t\t\t\t<h2 class=\"elementor-heading-title elementor-size-default\"> Familia Zambrano Martinez<\/h2>\t\t\t\t<\/div>\n\t\t\t\t<\/div>\n\t\t\t\t<div class=\"elementor-element elementor-element-001de4f elementor-widget elementor-widget-heading\" data-id=\"001de4f\" data-element_type=\"widget\" data-e-type=\"widget\" data-widget_type=\"heading.default\">\n\t\t\t\t<div class=\"elementor-widget-container\">\n\t\t\t\t\t<h2 class=\"elementor-heading-title elementor-size-default\">Exalumnos<\/h2>\t\t\t\t<\/div>\n\t\t\t\t<\/div>\n\t\t\t\t<div class=\"elementor-element elementor-element-6374e8e elementor-widget elementor-widget-text-editor\" data-id=\"6374e8e\" data-element_type=\"widget\" data-e-type=\"widget\" data-widget_type=\"text-editor.default\">\n\t\t\t\t<div class=\"elementor-widget-container\">\n\t\t\t\t\t\t\t\t\t<p>\u00a0&#8220;Nos sentimos orgullosos de ser parte de la\u00a0<span class=\"il\">familia<\/span> Marymount porque encontramos un entorno donde nuestro hijo no solo recibe una educaci\u00f3n acad\u00e9mica de excelencia, sino tambi\u00e9n valores que lo preparan para afrontar el futuro con confianza y responsabilidad. Como exalumnos, este sentimiento es a\u00fan m\u00e1s especial, ya que vemos c\u00f3mo los mismos principios y experiencias que nos formaron ahora gu\u00edan a nuestro hijo. La comunidad de Marymount nos ha brindado apoyo, calidez, y un sentido de pertenencia que nos hace sentir en casa.&#8221;<\/p>\t\t\t\t\t\t\t\t<\/div>\n\t\t\t\t<\/div>\n\t\t\t\t<\/div>\n\t\t<div class=\"elementor-element elementor-element-1fcbd9f e-con-full e-flex e-con e-child\" data-id=\"1fcbd9f\" data-element_type=\"container\" data-e-type=\"container\">\n\t\t\t\t<div class=\"elementor-element elementor-element-542c499 elementor-widget__width-initial elementor-widget elementor-widget-image\" data-id=\"542c499\" data-element_type=\"widget\" data-e-type=\"widget\" data-widget_type=\"image.default\">\n\t\t\t\t<div class=\"elementor-widget-container\">\n\t\t\t\t\t\t\t\t\t\t\t\t\t\t\t<img loading=\"lazy\" decoding=\"async\" width=\"640\" height=\"640\" src=\"https:\/\/marymountbq.edu.co\/site\/wp-content\/uploads\/2025\/06\/soledadmartinezmarymount.jpg\" class=\"attachment-large size-large wp-image-3859\" alt=\"\" srcset=\"https:\/\/marymountbq.edu.co\/site\/wp-content\/uploads\/2025\/06\/soledadmartinezmarymount.jpg 640w, https:\/\/marymountbq.edu.co\/site\/wp-content\/uploads\/2025\/06\/soledadmartinezmarymount-300x300.jpg 300w, https:\/\/marymountbq.edu.co\/site\/wp-content\/uploads\/2025\/06\/soledadmartinezmarymount-150x150.jpg 150w\" sizes=\"(max-width: 640px) 100vw, 640px\" \/>\t\t\t\t\t\t\t\t\t\t\t\t\t\t\t<\/div>\n\t\t\t\t<\/div>\n\t\t\t\t<div class=\"elementor-element elementor-element-9e28c1a elementor-widget elementor-widget-heading\" data-id=\"9e28c1a\" data-element_type=\"widget\" data-e-type=\"widget\" data-widget_type=\"heading.default\">\n\t\t\t\t<div class=\"elementor-widget-container\">\n\t\t\t\t\t<h2 class=\"elementor-heading-title elementor-size-default\">Soledad Mart\u00ednez Aparicio<\/h2>\t\t\t\t<\/div>\n\t\t\t\t<\/div>\n\t\t\t\t<div class=\"elementor-element elementor-element-5d04292 elementor-widget elementor-widget-heading\" data-id=\"5d04292\" data-element_type=\"widget\" data-e-type=\"widget\" data-widget_type=\"heading.default\">\n\t\t\t\t<div class=\"elementor-widget-container\">\n\t\t\t\t\t<h2 class=\"elementor-heading-title elementor-size-default\">Madre de Familia<\/h2>\t\t\t\t<\/div>\n\t\t\t\t<\/div>\n\t\t\t\t<div class=\"elementor-element elementor-element-4c0cfd1 elementor-widget elementor-widget-text-editor\" data-id=\"4c0cfd1\" data-element_type=\"widget\" data-e-type=\"widget\" data-widget_type=\"text-editor.default\">\n\t\t\t\t<div class=\"elementor-widget-container\">\n\t\t\t\t\t\t\t\t\t<p>&#8220;Marymount fue una pieza fundamental en mi formaci\u00f3n, y gracias a ella y a mi familia poco a poco he ido logrando cumplir mis sue\u00f1os. La disciplina y la perseverancia que aprend\u00ed all\u00ed, han sido claves para alcanzar mis metas&#8221;.<\/p>\t\t\t\t\t\t\t\t<\/div>\n\t\t\t\t<\/div>\n\t\t\t\t<\/div>\n\t\t<div class=\"elementor-element elementor-element-bebe072 e-con-full e-flex e-con e-child\" data-id=\"bebe072\" data-element_type=\"container\" data-e-type=\"container\">\n\t\t\t\t<div class=\"elementor-element elementor-element-de43f80 elementor-widget__width-initial elementor-widget elementor-widget-image\" data-id=\"de43f80\" data-element_type=\"widget\" data-e-type=\"widget\" data-widget_type=\"image.default\">\n\t\t\t\t<div class=\"elementor-widget-container\">\n\t\t\t\t\t\t\t\t\t\t\t\t\t\t\t<img loading=\"lazy\" decoding=\"async\" width=\"640\" height=\"640\" src=\"https:\/\/marymountbq.edu.co\/site\/wp-content\/uploads\/2025\/06\/Diseno-sin-titulo-3.jpg\" class=\"attachment-large size-large wp-image-3861\" alt=\"\" srcset=\"https:\/\/marymountbq.edu.co\/site\/wp-content\/uploads\/2025\/06\/Diseno-sin-titulo-3.jpg 640w, https:\/\/marymountbq.edu.co\/site\/wp-content\/uploads\/2025\/06\/Diseno-sin-titulo-3-300x300.jpg 300w, https:\/\/marymountbq.edu.co\/site\/wp-content\/uploads\/2025\/06\/Diseno-sin-titulo-3-150x150.jpg 150w\" sizes=\"(max-width: 640px) 100vw, 640px\" \/>\t\t\t\t\t\t\t\t\t\t\t\t\t\t\t<\/div>\n\t\t\t\t<\/div>\n\t\t\t\t<div class=\"elementor-element elementor-element-d533176 elementor-widget elementor-widget-heading\" data-id=\"d533176\" data-element_type=\"widget\" data-e-type=\"widget\" data-widget_type=\"heading.default\">\n\t\t\t\t<div class=\"elementor-widget-container\">\n\t\t\t\t\t<h2 class=\"elementor-heading-title elementor-size-default\">Claudia Carvajales<\/h2>\t\t\t\t<\/div>\n\t\t\t\t<\/div>\n\t\t\t\t<div class=\"elementor-element elementor-element-bdb2e36 elementor-widget elementor-widget-heading\" data-id=\"bdb2e36\" data-element_type=\"widget\" data-e-type=\"widget\" data-widget_type=\"heading.default\">\n\t\t\t\t<div class=\"elementor-widget-container\">\n\t\t\t\t\t<h2 class=\"elementor-heading-title elementor-size-default\">Colaboradora<\/h2>\t\t\t\t<\/div>\n\t\t\t\t<\/div>\n\t\t\t\t<div class=\"elementor-element elementor-element-98d817e elementor-widget elementor-widget-text-editor\" data-id=\"98d817e\" data-element_type=\"widget\" data-e-type=\"widget\" data-widget_type=\"text-editor.default\">\n\t\t\t\t<div class=\"elementor-widget-container\">\n\t\t\t\t\t\t\t\t\t<p>&#8220;Ser parte de Marymount significa ser parte de una familia. Trabajar aqu\u00ed por m\u00e1s de 7 a\u00f1os me ha permitido crecer y desarrollarme a nivel personal y profesional, adem\u00e1s de brindarme grandes oportunidades&#8221;.<\/p>\t\t\t\t\t\t\t\t<\/div>\n\t\t\t\t<\/div>\n\t\t\t\t<\/div>\n\t\t\t\t<\/div>\n\t\t\t\t<\/div>\n\t\t\t\t\t<\/div>\n\t\t\t\t<\/div>\n\t\t\t\t<\/div>\n\t\t","protected":false},"excerpt":{"rendered":"<p>Admisiones Gracias por confiar en el Colegio Marymount de Barranquilla. Somos una comunidad educativa \u00fanica, basada en principios cat\u00f3licos, comprometida con formar l\u00edderes capaces de transformar el mundo. Lo que nos hace especiales es &#8216;The Marymount Way&#8217;, un enfoque integral que prepara a nuestros estudiantes para enfrentar los retos de una sociedad globalizada, siempre guiados&#8230;<\/p>\n","protected":false},"author":1,"featured_media":0,"parent":0,"menu_order":0,"comment_status":"closed","ping_status":"closed","template":"elementor_canvas","meta":{"footnotes":""},"class_list":["post-6088","page","type-page","status-publish","hentry"],"_links":{"self":[{"href":"https:\/\/marymountbq.edu.co\/site\/wp-json\/wp\/v2\/pages\/6088","targetHints":{"allow":["GET"]}}],"collection":[{"href":"https:\/\/marymountbq.edu.co\/site\/wp-json\/wp\/v2\/pages"}],"about":[{"href":"https:\/\/marymountbq.edu.co\/site\/wp-json\/wp\/v2\/types\/page"}],"author":[{"embeddable":true,"href":"https:\/\/marymountbq.edu.co\/site\/wp-json\/wp\/v2\/users\/1"}],"replies":[{"embeddable":true,"href":"https:\/\/marymountbq.edu.co\/site\/wp-json\/wp\/v2\/comments?post=6088"}],"version-history":[{"count":21,"href":"https:\/\/marymountbq.edu.co\/site\/wp-json\/wp\/v2\/pages\/6088\/revisions"}],"predecessor-version":[{"id":6109,"href":"https:\/\/marymountbq.edu.co\/site\/wp-json\/wp\/v2\/pages\/6088\/revisions\/6109"}],"wp:attachment":[{"href":"https:\/\/marymountbq.edu.co\/site\/wp-json\/wp\/v2\/media?parent=6088"}],"curies":[{"name":"wp","href":"https:\/\/api.w.org\/{rel}","templated":true}]}}