 {"id":599,"date":"2024-07-23T09:59:14","date_gmt":"2024-07-23T14:59:14","guid":{"rendered":"http:\/\/guid"},"modified":"2025-11-05T23:29:43","modified_gmt":"2025-11-06T04:29:43","slug":"historia","status":"publish","type":"page","link":"https:\/\/marymountbq.edu.co\/site\/historia\/","title":{"rendered":"Historia"},"content":{"rendered":"\n<div class=\"wp-block-cover alignwide\" style=\"min-height:532px;aspect-ratio:unset;\"><img fetchpriority=\"high\" decoding=\"async\" width=\"1024\" height=\"683\" class=\"wp-block-cover__image-background wp-image-622 size-large\" alt=\"\" src=\"https:\/\/marymountbq.edu.co\/site\/wp-content\/uploads\/2024\/06\/historiamarymount2-1024x683.jpg\" data-object-fit=\"cover\" srcset=\"https:\/\/marymountbq.edu.co\/site\/wp-content\/uploads\/2024\/06\/historiamarymount2-1024x683.jpg 1024w, https:\/\/marymountbq.edu.co\/site\/wp-content\/uploads\/2024\/06\/historiamarymount2-300x200.jpg 300w, https:\/\/marymountbq.edu.co\/site\/wp-content\/uploads\/2024\/06\/historiamarymount2-768x512.jpg 768w, https:\/\/marymountbq.edu.co\/site\/wp-content\/uploads\/2024\/06\/historiamarymount2.jpg 1296w\" sizes=\"(max-width: 1024px) 100vw, 1024px\" \/><span aria-hidden=\"true\" class=\"wp-block-cover__background has-black-background-color has-background-dim-70 has-background-dim\"><\/span><div class=\"wp-block-cover__inner-container is-layout-constrained wp-container-core-cover-is-layout-c5bc7ae0 wp-block-cover-is-layout-constrained\">\n<p class=\"has-x-large-font-size\"><strong>Historia<\/strong><\/p>\n<\/div><\/div>\n\n\n\n<p class=\"has-foreground-color has-text-color has-link-color has-medium-font-size wp-elements-7967359e9db5e2bc4c11b4d54c0b62b4\" style=\"margin-top:var(--wp--preset--spacing--40);margin-bottom:var(--wp--preset--spacing--40);padding-right:var(--wp--preset--spacing--50);padding-left:var(--wp--preset--spacing--50)\">El Colegio Marymount de Barranquilla fue fundado en <strong>1953<\/strong> por la Comunidad de Religiosas del Sagrado Coraz\u00f3n de Mar\u00eda, en una casa privada en una secci\u00f3n residencial de la ciudad, y a solicitud de algunas exalumnas residentes en la ciudad, egresadas de diferentes Colegios Marymount en el mundo. Con el tiempo y la colaboraci\u00f3n de los padres de familia, las instalaciones fueron creciendo a medida que aumentaba el n\u00famero de estudiantes.<\/p>\n\n\n\n<div style=\"height:29px\" aria-hidden=\"true\" class=\"wp-block-spacer\"><\/div>\n\n\n\n<div class=\"wp-block-columns is-layout-flex wp-container-core-columns-is-layout-28f84493 wp-block-columns-is-layout-flex\">\n<div class=\"wp-block-column is-layout-flow wp-block-column-is-layout-flow\">\n<figure class=\"wp-block-image size-large is-resized\"><img decoding=\"async\" width=\"1024\" height=\"683\" src=\"https:\/\/marymountbq.edu.co\/site\/wp-content\/uploads\/2024\/06\/historiamarymount1-1024x683.jpg\" alt=\"\" class=\"wp-image-621\" style=\"width:930px;height:auto\" srcset=\"https:\/\/marymountbq.edu.co\/site\/wp-content\/uploads\/2024\/06\/historiamarymount1-1024x683.jpg 1024w, https:\/\/marymountbq.edu.co\/site\/wp-content\/uploads\/2024\/06\/historiamarymount1-300x200.jpg 300w, https:\/\/marymountbq.edu.co\/site\/wp-content\/uploads\/2024\/06\/historiamarymount1-768x512.jpg 768w, https:\/\/marymountbq.edu.co\/site\/wp-content\/uploads\/2024\/06\/historiamarymount1.jpg 1296w\" sizes=\"(max-width: 1024px) 100vw, 1024px\" \/><\/figure>\n<\/div>\n\n\n\n<div class=\"wp-block-column is-layout-flow wp-block-column-is-layout-flow\">\n<figure class=\"wp-block-image size-large\"><img decoding=\"async\" width=\"1024\" height=\"683\" src=\"https:\/\/marymountbq.edu.co\/site\/wp-content\/uploads\/2024\/06\/historiamarymount2-1024x683.jpg\" alt=\"\" class=\"wp-image-622\" srcset=\"https:\/\/marymountbq.edu.co\/site\/wp-content\/uploads\/2024\/06\/historiamarymount2-1024x683.jpg 1024w, https:\/\/marymountbq.edu.co\/site\/wp-content\/uploads\/2024\/06\/historiamarymount2-300x200.jpg 300w, https:\/\/marymountbq.edu.co\/site\/wp-content\/uploads\/2024\/06\/historiamarymount2-768x512.jpg 768w, https:\/\/marymountbq.edu.co\/site\/wp-content\/uploads\/2024\/06\/historiamarymount2.jpg 1296w\" sizes=\"(max-width: 1024px) 100vw, 1024px\" \/><\/figure>\n<\/div>\n<\/div>\n\n\n\n<div style=\"height:29px\" aria-hidden=\"true\" class=\"wp-block-spacer\"><\/div>\n\n\n\n<div class=\"wp-block-columns is-layout-flex wp-container-core-columns-is-layout-28f84493 wp-block-columns-is-layout-flex\">\n<div class=\"wp-block-column is-layout-flow wp-block-column-is-layout-flow\">\n<p class=\"has-text-align-center has-large-font-size\"><\/p>\n\n\n\n<figure class=\"wp-block-image size-large is-resized\"><img loading=\"lazy\" decoding=\"async\" width=\"1024\" height=\"382\" src=\"https:\/\/marymountbq.edu.co\/site\/wp-content\/uploads\/2024\/06\/Timeline-pagina-web-parte-1-2-1024x382.png\" alt=\"\" class=\"wp-image-636\" style=\"width:1170px;height:auto\" srcset=\"https:\/\/marymountbq.edu.co\/site\/wp-content\/uploads\/2024\/06\/Timeline-pagina-web-parte-1-2-1024x382.png 1024w, https:\/\/marymountbq.edu.co\/site\/wp-content\/uploads\/2024\/06\/Timeline-pagina-web-parte-1-2-300x112.png 300w, https:\/\/marymountbq.edu.co\/site\/wp-content\/uploads\/2024\/06\/Timeline-pagina-web-parte-1-2-768x286.png 768w, https:\/\/marymountbq.edu.co\/site\/wp-content\/uploads\/2024\/06\/Timeline-pagina-web-parte-1-2-1536x573.png 1536w, https:\/\/marymountbq.edu.co\/site\/wp-content\/uploads\/2024\/06\/Timeline-pagina-web-parte-1-2.png 1920w\" sizes=\"(max-width: 1024px) 100vw, 1024px\" \/><\/figure>\n<\/div>\n<\/div>\n\n\n\n<p class=\"has-foreground-color has-text-color has-link-color has-medium-font-size wp-elements-1e94e54e3df3587cf160ed748f1bb338\" style=\"margin-top:var(--wp--preset--spacing--50);margin-bottom:var(--wp--preset--spacing--50);padding-right:var(--wp--preset--spacing--50);padding-left:var(--wp--preset--spacing--50)\">Hoy por hoy, el Colegio Marymount es una instituci\u00f3n educativa aprobada por el Ministerio de Educaci\u00f3n de Colombia, seg\u00fan Resoluci\u00f3n n.\u00b0 00487 de abril 4 de 2003, y acreditada a nivel internacional por NEASC (New England Association of Schools, mayo 13 de 2010) y por CIS (Council of International Schools, abril 29 de 2011), en sus tres (3) niveles: Preescolar, Elemental y Bachillerato.<\/p>\n","protected":false},"excerpt":{"rendered":"<p>El Colegio Marymount de Barranquilla fue fundado en 1953 por la Comunidad de Religiosas del Sagrado Coraz\u00f3n de Mar\u00eda, en una casa privada en una secci\u00f3n residencial de la ciudad, y a solicitud de algunas exalumnas residentes en la ciudad, egresadas de diferentes Colegios Marymount en el mundo. Con el tiempo y la colaboraci\u00f3n de&#8230;<\/p>\n","protected":false},"author":2,"featured_media":0,"parent":0,"menu_order":0,"comment_status":"closed","ping_status":"closed","template":"","meta":{"footnotes":""},"class_list":["post-599","page","type-page","status-publish","hentry"],"_links":{"self":[{"href":"https:\/\/marymountbq.edu.co\/site\/wp-json\/wp\/v2\/pages\/599","targetHints":{"allow":["GET"]}}],"collection":[{"href":"https:\/\/marymountbq.edu.co\/site\/wp-json\/wp\/v2\/pages"}],"about":[{"href":"https:\/\/marymountbq.edu.co\/site\/wp-json\/wp\/v2\/types\/page"}],"author":[{"embeddable":true,"href":"https:\/\/marymountbq.edu.co\/site\/wp-json\/wp\/v2\/users\/2"}],"replies":[{"embeddable":true,"href":"https:\/\/marymountbq.edu.co\/site\/wp-json\/wp\/v2\/comments?post=599"}],"version-history":[{"count":19,"href":"https:\/\/marymountbq.edu.co\/site\/wp-json\/wp\/v2\/pages\/599\/revisions"}],"predecessor-version":[{"id":5750,"href":"https:\/\/marymountbq.edu.co\/site\/wp-json\/wp\/v2\/pages\/599\/revisions\/5750"}],"wp:attachment":[{"href":"https:\/\/marymountbq.edu.co\/site\/wp-json\/wp\/v2\/media?parent=599"}],"curies":[{"name":"wp","href":"https:\/\/api.w.org\/{rel}","templated":true}]}}