 {"id":4949,"date":"2025-09-07T01:23:30","date_gmt":"2025-09-07T06:23:30","guid":{"rendered":"https:\/\/marymountbq.edu.co\/site\/?page_id=4949"},"modified":"2025-09-07T02:46:56","modified_gmt":"2025-09-07T07:46:56","slug":"4949-2","status":"publish","type":"page","link":"https:\/\/marymountbq.edu.co\/site\/4949-2\/","title":{"rendered":""},"content":{"rendered":"\n<div class=\"wp-block-columns is-layout-flex wp-container-core-columns-is-layout-28f84493 wp-block-columns-is-layout-flex\">\n<div class=\"wp-block-column is-layout-flow wp-block-column-is-layout-flow\">\n<div class=\"wp-block-cover is-light\" style=\"min-height:703px;aspect-ratio:unset;\"><img fetchpriority=\"high\" decoding=\"async\" width=\"2560\" height=\"1707\" class=\"wp-block-cover__image-background wp-image-1498 size-full\" alt=\"\" src=\"https:\/\/marymountbq.edu.co\/site\/wp-content\/uploads\/2024\/07\/gobierno-escolar-scaled.jpg\" data-object-fit=\"cover\"\/><span aria-hidden=\"true\" class=\"wp-block-cover__background has-background-dim\" style=\"background-color:#918b8b\"><\/span><div class=\"wp-block-cover__inner-container is-layout-constrained wp-block-cover-is-layout-constrained\">\n<p class=\"has-text-align-center has-background-color has-text-color has-link-color has-large-font-size wp-elements-f1085b8b9c47cbeabb21a71632e70732\"><strong>Definiciones claves de las declaraciones rectoras<\/strong><\/p>\n\n\n\n<p class=\"has-text-align-center has-background-color has-text-color has-link-color has-medium-font-size wp-elements-6ddee07d65f7e9dea154ce1f82c6728f\">Marymount (Marymount Guiding Statements)<\/p>\n<\/div><\/div>\n\n\n\n<div style=\"height:16px\" aria-hidden=\"true\" class=\"wp-block-spacer\"><\/div>\n<\/div>\n<\/div>\n\n\n\n<div class=\"wp-block-columns is-layout-flex wp-container-core-columns-is-layout-28f84493 wp-block-columns-is-layout-flex\">\n<div class=\"wp-block-column is-layout-flow wp-block-column-is-layout-flow\">\n<p class=\"has-foreground-color has-text-color has-link-color has-normal-font-size wp-elements-bdb07fc46e9c5ed49bc1d5e1f9c746b1\">Las revisiones realizadas en MM 2023 a la visi\u00f3n, la misi\u00f3n y el &#8220;Marymount Way&#8221; siguen siendo inspiradoras y aspiracionales. Han abierto el camino para el desarrollo de definiciones clave adicionales que resumen nuestra comprensi\u00f3n de la experiencia de aprendizaje, proporcionando una direcci\u00f3n clara para nuestros esfuerzos de planeaci\u00f3n estrat\u00e9gica a medida que avanzamos hacia MM 2026. Estas incluyen las siguientes definiciones:<\/p>\n\n\n\n<div style=\"height:28px\" aria-hidden=\"true\" class=\"wp-block-spacer\"><\/div>\n<\/div>\n<\/div>\n\n\n\n<div class=\"wp-block-columns is-layout-flex wp-container-core-columns-is-layout-28f84493 wp-block-columns-is-layout-flex\">\n<div class=\"wp-block-column is-layout-flow wp-block-column-is-layout-flow\">\n<p class=\"has-text-align-center has-text-color has-link-color has-large-font-size wp-elements-60c71d0700cb1a4e97aa0c1a92195792\" style=\"color:#1f2d55\"><strong>Aprendizaje de Alta Calidad<\/strong><\/p>\n\n\n\n<div class=\"wp-block-columns is-layout-flex wp-container-core-columns-is-layout-28f84493 wp-block-columns-is-layout-flex\">\n<div class=\"wp-block-column is-layout-flow wp-block-column-is-layout-flow\">\n<div class=\"wp-block-cover is-light\"><img decoding=\"async\" width=\"2560\" height=\"1707\" class=\"wp-block-cover__image-background wp-image-1195 size-full\" alt=\"\" src=\"https:\/\/marymountbq.edu.co\/site\/wp-content\/uploads\/2024\/07\/IMG_0933-1-scaled.jpg\" data-object-fit=\"cover\"\/><span aria-hidden=\"true\" class=\"wp-block-cover__background has-background-dim\" style=\"background-color:#998e7a\"><\/span><div class=\"wp-block-cover__inner-container is-layout-constrained wp-block-cover-is-layout-constrained\">\n<p class=\"has-text-align-center has-background-color has-text-color has-link-color has-large-font-size wp-elements-137c7b0aa86470de0c47e6b3bf2c14ea\"><strong>Nuestra definici\u00f3n de \u201cHigh-Quality Learning\u201d\u200b<\/strong><\/p>\n\n\n\n<p class=\"has-text-align-center has-background-color has-text-color has-link-color has-normal-font-size wp-elements-11bd857cdd016b60dccee4838d460e20\">\u201cEl aprendizaje es el proceso social, activo y significativo de adquirir conocimiento a trav\u00e9s de experiencias aut\u00e9nticas\u201d<\/p>\n<\/div><\/div>\n\n\n\n<div style=\"height:23px\" aria-hidden=\"true\" class=\"wp-block-spacer\"><\/div>\n<\/div>\n<\/div>\n<\/div>\n<\/div>\n\n\n\n<div class=\"wp-block-columns is-layout-flex wp-container-core-columns-is-layout-28f84493 wp-block-columns-is-layout-flex\">\n<div class=\"wp-block-column is-layout-flow wp-block-column-is-layout-flow\">\n<p class=\"has-foreground-color has-text-color has-link-color has-normal-font-size wp-elements-f2d4bbfc4f7e4cb8f7a9496564dbd7e0\">Alineados con nuestra visi\u00f3n de continuar siendo los L\u00edderes Formando L\u00edderes, lograr las metas del Marymount Mission 2023, y siguiendo las recomendaciones de nuestras agencias de acreditaci\u00f3n (CIS y NEASC),&nbsp;los l\u00edderes escolares y representantes de nuestra comunidad trabajaron diligentemente durante tres meses, con el fin de desarrollar una definici\u00f3n institucional de \u201cHigh-Quality Learning\u201d (Aprendizaje de Alta Calidad), que todos los miembros de la comunidad Marymount puedan leer y comprender f\u00e1cilmente.<\/p>\n\n\n\n<p class=\"has-foreground-color has-text-color has-link-color has-normal-font-size wp-elements-e9ba9646d3617014dd0461a92e766639\">Este importante esfuerzo estuvo dirigido por dos consultores externos, Homa Tavangar y Will Richardson, ambos expertos en el campo de la educaci\u00f3n y con una vasta experiencia en el apoyo a las escuelas en su proceso de transformaci\u00f3n.<\/p>\n\n\n\n<p class=\"has-foreground-color has-text-color has-link-color has-normal-font-size wp-elements-c834a15ad7f3bd2e0692cc21f8aed1fe\"><strong>El proyecto consta de 5 pasos importantes:<\/strong><\/p>\n\n\n\n<div style=\"height:23px\" aria-hidden=\"true\" class=\"wp-block-spacer\"><\/div>\n<\/div>\n<\/div>\n\n\n\n<div class=\"wp-block-columns is-layout-flex wp-container-core-columns-is-layout-28f84493 wp-block-columns-is-layout-flex\">\n<div class=\"wp-block-column is-layout-flow wp-block-column-is-layout-flow\">\n<div class=\"wp-block-columns is-layout-flex wp-container-core-columns-is-layout-28f84493 wp-block-columns-is-layout-flex\">\n<div class=\"wp-block-column is-layout-flow wp-block-column-is-layout-flow\" style=\"flex-basis:100px\">\n<p><\/p>\n<\/div>\n\n\n\n<div class=\"wp-block-column is-layout-flow wp-block-column-is-layout-flow\">\n<p class=\"has-text-color has-link-color has-big-font-size wp-elements-a0cd34c1562f6efedbfa80de72369b1d\" style=\"color:#1f2d55\"><strong>1. Encuesta\u200b<\/strong><\/p>\n<\/div>\n\n\n\n<div class=\"wp-block-column is-layout-flow wp-block-column-is-layout-flow\"><\/div>\n\n\n\n<div class=\"wp-block-column is-layout-flow wp-block-column-is-layout-flow\"><\/div>\n<\/div>\n\n\n\n<div class=\"wp-block-columns is-layout-flex wp-container-core-columns-is-layout-28f84493 wp-block-columns-is-layout-flex\">\n<div class=\"wp-block-column is-layout-flow wp-block-column-is-layout-flow\" style=\"flex-basis:300px\">\n<p><\/p>\n<\/div>\n\n\n\n<div class=\"wp-block-column is-layout-flow wp-block-column-is-layout-flow\">\n<p class=\"has-foreground-color has-text-color has-link-color has-normal-font-size wp-elements-678b50dacf8a65d0e22ea7bb11bdad55\">Realizamos una encuesta interna para evaluar qu\u00e9 se entiende por aprendizaje en Marymount con las siguientes cuatro preguntas:<\/p>\n\n\n\n<div class=\"wp-block-group is-layout-constrained wp-block-group-is-layout-constrained\">\n<ul class=\"wp-block-list\">\n<li class=\"has-foreground-color has-text-color has-link-color has-normal-font-size wp-elements-8063a2e51e7c1fff3b6a9aa898304370\">\u00bfQu\u00e9 hace que el aprendizaje sea de \u201calta calidad\u201d?<\/li>\n<\/ul>\n\n\n\n<ul class=\"wp-block-list\">\n<li class=\"has-foreground-color has-text-color has-link-color has-normal-font-size wp-elements-c16a6a9f652ce4c70e3e5dddd3fa0cd8\">\u00bfC\u00f3mo aprende de manera m\u00e1s significativa y profunda?<\/li>\n<\/ul>\n\n\n\n<ul class=\"wp-block-list has-foreground-color has-text-color has-link-color has-normal-font-size wp-elements-8e1245c14ec02ff0236a3d80a12fdbe4\">\n<li>\u00bfQu\u00e9 sucede en ese momento que lo hace tan poderoso para ti?<\/li>\n<\/ul>\n\n\n\n<ul class=\"wp-block-list has-foreground-color has-text-color has-link-color has-normal-font-size wp-elements-6e955fd675f01b6f2cf067a926ed47ec\">\n<li>\u00bfC\u00f3mo sabe que ha aprendido algo?<\/li>\n<\/ul>\n\n\n\n<div style=\"height:15px\" aria-hidden=\"true\" class=\"wp-block-spacer\"><\/div>\n<\/div>\n<\/div>\n\n\n\n<div class=\"wp-block-column is-layout-flow wp-block-column-is-layout-flow\" style=\"flex-basis:200px\"><\/div>\n<\/div>\n\n\n\n<div class=\"wp-block-columns is-layout-flex wp-container-core-columns-is-layout-28f84493 wp-block-columns-is-layout-flex\">\n<div class=\"wp-block-column is-layout-flow wp-block-column-is-layout-flow\" style=\"flex-basis:100px\">\n<p><\/p>\n<\/div>\n\n\n\n<div class=\"wp-block-column is-layout-flow wp-block-column-is-layout-flow\">\n<p class=\"has-text-color has-link-color has-big-font-size wp-elements-1ef0b870aeba2d052737e5bd696fabfd\" style=\"color:#1f2d55\"><strong>2. Coalici\u00f3n Orientadora\u200b<\/strong><\/p>\n<\/div>\n\n\n\n<div class=\"wp-block-column is-layout-flow wp-block-column-is-layout-flow\"><\/div>\n\n\n\n<div class=\"wp-block-column is-layout-flow wp-block-column-is-layout-flow\"><\/div>\n<\/div>\n\n\n\n<div class=\"wp-block-columns is-layout-flex wp-container-core-columns-is-layout-28f84493 wp-block-columns-is-layout-flex\">\n<div class=\"wp-block-column is-layout-flow wp-block-column-is-layout-flow\" style=\"flex-basis:300px\">\n<p><\/p>\n<\/div>\n\n\n\n<div class=\"wp-block-column is-layout-flow wp-block-column-is-layout-flow\">\n<p class=\"has-foreground-color has-text-color has-link-color has-normal-font-size wp-elements-434920a1de9fb4b852e9b9ec49f0071e\">Creamos una \u201cCoalici\u00f3n Orientadora\u201d integrada por aproximadamente 40 miembros de la comunidad educativa, incluyendo padres, estudiantes, profesores, l\u00edderes acad\u00e9micos y personal administrativo, con participaci\u00f3n representativa de las tres secciones.Esta coalici\u00f3n particip\u00f3 en tres talleres de 90 minutos, donde exploraron y discutieron la forma en que se entiende el aprendizaje y c\u00f3mo se lleva a cabo, intentaron crear su propia definici\u00f3n de aprendizaje, descubrieron qu\u00e9 significa realmente el aprendizaje de alta calidad y reflexionaron sobre c\u00f3mo esta definici\u00f3n se aplicar\u00eda en diferentes \u00e1reas del colegio.<\/p>\n<\/div>\n\n\n\n<div class=\"wp-block-column is-layout-flow wp-block-column-is-layout-flow\" style=\"flex-basis:200px\"><\/div>\n<\/div>\n\n\n\n<div class=\"wp-block-columns is-layout-flex wp-container-core-columns-is-layout-28f84493 wp-block-columns-is-layout-flex\">\n<div class=\"wp-block-column is-layout-flow wp-block-column-is-layout-flow\" style=\"flex-basis:100px\">\n<p><\/p>\n<\/div>\n\n\n\n<div class=\"wp-block-column is-layout-flow wp-block-column-is-layout-flow\">\n<p class=\"has-text-color has-link-color has-big-font-size wp-elements-e9228ff8d33ae26c0110b9d39cc797ae\" style=\"color:#1f2d55\"><strong>3. Definici\u00f3n\u200b<\/strong><\/p>\n<\/div>\n\n\n\n<div class=\"wp-block-column is-layout-flow wp-block-column-is-layout-flow\"><\/div>\n\n\n\n<div class=\"wp-block-column is-layout-flow wp-block-column-is-layout-flow\"><\/div>\n<\/div>\n\n\n\n<div class=\"wp-block-columns is-layout-flex wp-container-core-columns-is-layout-28f84493 wp-block-columns-is-layout-flex\">\n<div class=\"wp-block-column is-layout-flow wp-block-column-is-layout-flow\" style=\"flex-basis:300px\">\n<p><\/p>\n<\/div>\n\n\n\n<div class=\"wp-block-column is-layout-flow wp-block-column-is-layout-flow\">\n<p class=\"has-foreground-color has-text-color has-link-color has-normal-font-size wp-elements-f304b43f9a3e931ec3eddd9666e316d3\">Repasamos y discutimos los detalles y componentes de la definici\u00f3n finalizada de \u201cHigh-Quality Learning\u201d.<\/p>\n<\/div>\n\n\n\n<div class=\"wp-block-column is-layout-flow wp-block-column-is-layout-flow\" style=\"flex-basis:200px\"><\/div>\n<\/div>\n\n\n\n<div class=\"wp-block-columns is-layout-flex wp-container-core-columns-is-layout-28f84493 wp-block-columns-is-layout-flex\">\n<div class=\"wp-block-column is-layout-flow wp-block-column-is-layout-flow\" style=\"flex-basis:100px\">\n<p><\/p>\n<\/div>\n\n\n\n<div class=\"wp-block-column is-layout-flow wp-block-column-is-layout-flow\">\n<p class=\"has-text-color has-link-color has-big-font-size wp-elements-59aeaf24fb8850f314ef3f18560cf86b\" style=\"color:#1f2d55\"><strong>4. Socializaci\u00f3n a docentes\u200b<\/strong><\/p>\n<\/div>\n\n\n\n<div class=\"wp-block-column is-layout-flow wp-block-column-is-layout-flow\"><\/div>\n\n\n\n<div class=\"wp-block-column is-layout-flow wp-block-column-is-layout-flow\"><\/div>\n<\/div>\n\n\n\n<div class=\"wp-block-columns is-layout-flex wp-container-core-columns-is-layout-28f84493 wp-block-columns-is-layout-flex\">\n<div class=\"wp-block-column is-layout-flow wp-block-column-is-layout-flow\" style=\"flex-basis:300px\">\n<p><\/p>\n<\/div>\n\n\n\n<div class=\"wp-block-column is-layout-flow wp-block-column-is-layout-flow\">\n<p class=\"has-foreground-color has-text-color has-link-color has-normal-font-size wp-elements-7f2c27a9665d5e4d94b332bfa167bdad\">Realizamos un taller liderado por los consultores externos con la participaci\u00f3n de los docentes, con el fin de que sean capaces de incorporar la definici\u00f3n en sus actividades de clase, planificaci\u00f3n y evaluaci\u00f3n, y hacerla realidad en sus tareas pedag\u00f3gicas.<\/p>\n<\/div>\n\n\n\n<div class=\"wp-block-column is-layout-flow wp-block-column-is-layout-flow\" style=\"flex-basis:200px\"><\/div>\n<\/div>\n\n\n\n<div class=\"wp-block-columns is-layout-flex wp-container-core-columns-is-layout-28f84493 wp-block-columns-is-layout-flex\">\n<div class=\"wp-block-column is-layout-flow wp-block-column-is-layout-flow\" style=\"flex-basis:100px\">\n<p><\/p>\n<\/div>\n\n\n\n<div class=\"wp-block-column is-layout-flow wp-block-column-is-layout-flow\">\n<p class=\"has-text-color has-link-color has-big-font-size wp-elements-de9665752a5ad2ff94c2f07d68651d55\" style=\"color:#1f2d55\"><strong>5. Socializaci\u00f3n a la comunidad\u200b<\/strong><\/p>\n<\/div>\n\n\n\n<div class=\"wp-block-column is-layout-flow wp-block-column-is-layout-flow\" style=\"flex-basis:10px\"><\/div>\n\n\n\n<div class=\"wp-block-column is-layout-flow wp-block-column-is-layout-flow\"><\/div>\n<\/div>\n\n\n\n<div class=\"wp-block-columns is-layout-flex wp-container-core-columns-is-layout-28f84493 wp-block-columns-is-layout-flex\">\n<div class=\"wp-block-column is-layout-flow wp-block-column-is-layout-flow\" style=\"flex-basis:300px\">\n<p><\/p>\n<\/div>\n\n\n\n<div class=\"wp-block-column is-layout-flow wp-block-column-is-layout-flow\">\n<p class=\"has-foreground-color has-text-color has-link-color has-normal-font-size wp-elements-f5fdbd828c4e08226cc08d777022ef34\">Presentaci\u00f3n de nuestra definici\u00f3n de \u201cHigh-Quality Learning\u201d a toda la comunidad Marymount. Este ejercicio y el enfoque de base para lograr la construcci\u00f3n de un entendimiento com\u00fan de \u201cHigh-Quality Learning\u201d en Marymount, fue y seguir\u00e1 siendo posible gracias a la participaci\u00f3n activa y las valiosas contribuciones de los miembros de nuestra comunidad. Esto no solo es parte de las metas establecidas en nuestro plan estrat\u00e9gico, sino que tambi\u00e9n representa un hito importante en la historia de nuestra instituci\u00f3n.<\/p>\n<\/div>\n\n\n\n<div class=\"wp-block-column is-layout-flow wp-block-column-is-layout-flow\" style=\"flex-basis:200px\"><\/div>\n<\/div>\n<\/div>\n<\/div>\n\n\n\n<p class=\"has-text-align-left\"><\/p>\n\n\n\n<figure class=\"wp-block-embed is-type-video is-provider-youtube wp-block-embed-youtube wp-embed-aspect-16-9 wp-has-aspect-ratio\"><div class=\"wp-block-embed__wrapper\">\n<iframe title=\"High Quality Learning\" width=\"500\" height=\"281\" src=\"https:\/\/www.youtube.com\/embed\/3df1F7o4avs?start=3&#038;feature=oembed\" frameborder=\"0\" allow=\"accelerometer; autoplay; clipboard-write; encrypted-media; gyroscope; picture-in-picture; web-share\" referrerpolicy=\"strict-origin-when-cross-origin\" allowfullscreen><\/iframe>\n<\/div><\/figure>\n\n\n\n<div style=\"height:28px\" aria-hidden=\"true\" class=\"wp-block-spacer\"><\/div>\n\n\n\n<div class=\"wp-block-columns is-layout-flex wp-container-core-columns-is-layout-28f84493 wp-block-columns-is-layout-flex\">\n<div class=\"wp-block-column is-layout-flow wp-block-column-is-layout-flow\">\n<p class=\"has-text-align-center has-text-color has-link-color has-large-font-size wp-elements-bb4a0690577e397d9b567a9ba1b69541\" style=\"color:#1f2d55\"><strong>Evaluaci\u00f3n<\/strong><\/p>\n<\/div>\n<\/div>\n\n\n\n<div class=\"wp-block-columns is-layout-flex wp-container-core-columns-is-layout-28f84493 wp-block-columns-is-layout-flex\">\n<div class=\"wp-block-column is-layout-flow wp-block-column-is-layout-flow\">\n<p class=\"has-text-align-center has-foreground-color has-text-color has-link-color has-normal-font-size wp-elements-ee02c32dad0ca324b614145a7d4b4c7f\">Marymount abarca las dimensiones de evaluaci\u00f3n DE, C\u00d3MO y PARA el aprendizaje.<br>Para lograr esto, la evaluaci\u00f3n se entiende como el proceso continuo de medir el progreso del<br>aprendizaje a trav\u00e9s de experiencias aut\u00e9nticas.<\/p>\n<\/div>\n<\/div>\n\n\n\n<div class=\"wp-block-columns is-layout-flex wp-container-core-columns-is-layout-28f84493 wp-block-columns-is-layout-flex\">\n<div class=\"wp-block-column is-layout-flow wp-block-column-is-layout-flow\">\n<figure class=\"wp-block-image aligncenter size-large\"><img decoding=\"async\" width=\"1024\" height=\"683\" src=\"https:\/\/marymountbq.edu.co\/site\/wp-content\/uploads\/2025\/08\/Diseno-sin-titulo-49-1024x683.png\" alt=\"\" class=\"wp-image-4055\" srcset=\"https:\/\/marymountbq.edu.co\/site\/wp-content\/uploads\/2025\/08\/Diseno-sin-titulo-49-1024x683.png 1024w, https:\/\/marymountbq.edu.co\/site\/wp-content\/uploads\/2025\/08\/Diseno-sin-titulo-49-300x200.png 300w, https:\/\/marymountbq.edu.co\/site\/wp-content\/uploads\/2025\/08\/Diseno-sin-titulo-49-768x512.png 768w, https:\/\/marymountbq.edu.co\/site\/wp-content\/uploads\/2025\/08\/Diseno-sin-titulo-49-1536x1025.png 1536w, https:\/\/marymountbq.edu.co\/site\/wp-content\/uploads\/2025\/08\/Diseno-sin-titulo-49.png 2048w\" sizes=\"(max-width: 1024px) 100vw, 1024px\" \/><\/figure>\n\n\n\n<div style=\"height:43px\" aria-hidden=\"true\" class=\"wp-block-spacer\"><\/div>\n\n\n\n<div class=\"wp-block-columns is-layout-flex wp-container-core-columns-is-layout-28f84493 wp-block-columns-is-layout-flex\">\n<div class=\"wp-block-column is-layout-flow wp-block-column-is-layout-flow\">\n<p class=\"has-text-align-center has-text-color has-link-color has-large-font-size wp-elements-6c0685c914ed63117ad06f9009c4188e\" style=\"color:#1f2d55\"><strong>Aprendizaje Intercultural<\/strong><\/p>\n\n\n\n<div class=\"wp-block-columns is-layout-flex wp-container-core-columns-is-layout-28f84493 wp-block-columns-is-layout-flex\">\n<div class=\"wp-block-column is-layout-flow wp-block-column-is-layout-flow\">\n<p class=\"has-foreground-color has-text-color has-link-color has-normal-font-size wp-elements-6e9dcf37e0a2e0aa8c23de3233ee6976\">Es un componente clave de la ciudadan\u00eda global, y es esencial para preparar a nuestros estudiantes para el mundo actual, permiti\u00e9ndoles actuar con conciencia en los diferentes contextos culturales que puedan encontrar en sus vidas.<\/p>\n<\/div>\n<\/div>\n<\/div>\n<\/div>\n<\/div>\n<\/div>\n\n\n\n<div class=\"wp-block-columns is-layout-flex wp-container-core-columns-is-layout-28f84493 wp-block-columns-is-layout-flex\">\n<div class=\"wp-block-column is-layout-flow wp-block-column-is-layout-flow\"><\/div>\n\n\n\n<div class=\"wp-block-column is-layout-flow wp-block-column-is-layout-flow\" style=\"flex-basis:33.34%\"><\/div>\n\n\n\n<div class=\"wp-block-column is-layout-flow wp-block-column-is-layout-flow\"><\/div>\n<\/div>\n\n\n\n<div style=\"height:46px\" aria-hidden=\"true\" class=\"wp-block-spacer\"><\/div>\n\n\n\n<figure class=\"wp-block-embed is-type-video is-provider-youtube wp-block-embed-youtube wp-embed-aspect-16-9 wp-has-aspect-ratio\"><div class=\"wp-block-embed__wrapper\">\n<iframe title=\"Intercultural Leaders\" width=\"500\" height=\"281\" src=\"https:\/\/www.youtube.com\/embed\/563UMMqLwRY?feature=oembed\" frameborder=\"0\" allow=\"accelerometer; autoplay; clipboard-write; encrypted-media; gyroscope; picture-in-picture; web-share\" referrerpolicy=\"strict-origin-when-cross-origin\" allowfullscreen><\/iframe>\n<\/div><\/figure>\n\n\n\n<div style=\"height:40px\" aria-hidden=\"true\" class=\"wp-block-spacer\"><\/div>\n\n\n\n<div class=\"wp-block-columns is-layout-flex wp-container-core-columns-is-layout-28f84493 wp-block-columns-is-layout-flex\">\n<div class=\"wp-block-column is-layout-flow wp-block-column-is-layout-flow\">\n<p class=\"has-text-align-center has-text-color has-link-color has-large-font-size wp-elements-ea7ac80ec7d545e086d2f26f6c990a4b\" style=\"color:#1f2d55\"><strong>Marymount DEVICES<\/strong><\/p>\n<\/div>\n<\/div>\n\n\n\n<div class=\"wp-block-columns is-layout-flex wp-container-core-columns-is-layout-28f84493 wp-block-columns-is-layout-flex\">\n<div class=\"wp-block-column is-layout-flow wp-block-column-is-layout-flow\">\n<figure class=\"wp-block-image size-large is-resized\"><img loading=\"lazy\" decoding=\"async\" width=\"1024\" height=\"269\" src=\"https:\/\/marymountbq.edu.co\/site\/wp-content\/uploads\/2024\/04\/Artboard-1-copia@2x-100-1-1024x269.jpg\" alt=\"\" class=\"wp-image-3132\" style=\"width:1450px;height:auto\" srcset=\"https:\/\/marymountbq.edu.co\/site\/wp-content\/uploads\/2024\/04\/Artboard-1-copia@2x-100-1-1024x269.jpg 1024w, https:\/\/marymountbq.edu.co\/site\/wp-content\/uploads\/2024\/04\/Artboard-1-copia@2x-100-1-300x79.jpg 300w, https:\/\/marymountbq.edu.co\/site\/wp-content\/uploads\/2024\/04\/Artboard-1-copia@2x-100-1-768x202.jpg 768w, https:\/\/marymountbq.edu.co\/site\/wp-content\/uploads\/2024\/04\/Artboard-1-copia@2x-100-1-1536x404.jpg 1536w, https:\/\/marymountbq.edu.co\/site\/wp-content\/uploads\/2024\/04\/Artboard-1-copia@2x-100-1-2048x539.jpg 2048w\" sizes=\"(max-width: 1024px) 100vw, 1024px\" \/><\/figure>\n\n\n\n<div class=\"wp-block-columns is-layout-flex wp-container-core-columns-is-layout-28f84493 wp-block-columns-is-layout-flex\">\n<div class=\"wp-block-column is-layout-flow wp-block-column-is-layout-flow\">\n<p class=\"has-text-align-center has-foreground-color has-text-color has-link-color wp-elements-fa72e776cdd0bf07888a8c09179ff18d\">Representa las competencias la integraci\u00f3n de conocimientos, habilidades y valores del Marymount Way y lo que significa el desarrollo de estos atributos en los estudiantes y en su comportamiento.<\/p>\n<\/div>\n<\/div>\n<\/div>\n<\/div>\n\n\n\n<p><\/p>\n","protected":false},"excerpt":{"rendered":"<p>Las revisiones realizadas en MM 2023 a la visi\u00f3n, la misi\u00f3n y el &#8220;Marymount Way&#8221; siguen siendo inspiradoras y aspiracionales. Han abierto el camino para el desarrollo de definiciones clave adicionales que resumen nuestra comprensi\u00f3n de la experiencia de aprendizaje, proporcionando una direcci\u00f3n clara para nuestros esfuerzos de planeaci\u00f3n estrat\u00e9gica a medida que avanzamos hacia&#8230;<\/p>\n","protected":false},"author":2,"featured_media":0,"parent":0,"menu_order":0,"comment_status":"closed","ping_status":"closed","template":"","meta":{"footnotes":""},"class_list":["post-4949","page","type-page","status-publish","hentry"],"_links":{"self":[{"href":"https:\/\/marymountbq.edu.co\/site\/wp-json\/wp\/v2\/pages\/4949","targetHints":{"allow":["GET"]}}],"collection":[{"href":"https:\/\/marymountbq.edu.co\/site\/wp-json\/wp\/v2\/pages"}],"about":[{"href":"https:\/\/marymountbq.edu.co\/site\/wp-json\/wp\/v2\/types\/page"}],"author":[{"embeddable":true,"href":"https:\/\/marymountbq.edu.co\/site\/wp-json\/wp\/v2\/users\/2"}],"replies":[{"embeddable":true,"href":"https:\/\/marymountbq.edu.co\/site\/wp-json\/wp\/v2\/comments?post=4949"}],"version-history":[{"count":18,"href":"https:\/\/marymountbq.edu.co\/site\/wp-json\/wp\/v2\/pages\/4949\/revisions"}],"predecessor-version":[{"id":4984,"href":"https:\/\/marymountbq.edu.co\/site\/wp-json\/wp\/v2\/pages\/4949\/revisions\/4984"}],"wp:attachment":[{"href":"https:\/\/marymountbq.edu.co\/site\/wp-json\/wp\/v2\/media?parent=4949"}],"curies":[{"name":"wp","href":"https:\/\/api.w.org\/{rel}","templated":true}]}}