 {"id":3955,"date":"2025-07-31T14:15:55","date_gmt":"2025-07-31T19:15:55","guid":{"rendered":"https:\/\/jxj.72f.mytemp.website\/?page_id=3955"},"modified":"2025-10-02T10:11:47","modified_gmt":"2025-10-02T15:11:47","slug":"extension-academica","status":"publish","type":"page","link":"https:\/\/marymountbq.edu.co\/site\/extension-academica\/","title":{"rendered":""},"content":{"rendered":"\n<div class=\"wp-block-cover alignfull has-parallax\" style=\"margin-top:0;margin-bottom:0;padding-right:0;padding-left:0;min-height:795px;aspect-ratio:unset;\"><div class=\"wp-block-cover__image-background wp-image-3958 size-large has-parallax\" style=\"background-position:50% 50%;background-image:url(https:\/\/marymountbq.edu.co\/site\/wp-content\/uploads\/2025\/07\/Collage-BW-MACC-4-1-1024x576.png)\"><\/div><span aria-hidden=\"true\" class=\"wp-block-cover__background has-background-dim-40 has-background-dim\" style=\"background-color:#000000\"><\/span><div class=\"wp-block-cover__inner-container is-layout-flow wp-block-cover-is-layout-flow\">\n<h2 class=\"wp-block-heading has-text-align-center alignwide has-white-color has-text-color has-xxx-large-font-size\" style=\"line-height:1.2\">EXTENSI\u00d3N ACAD\u00c9MICA<\/h2>\n<\/div><\/div>\n\n\n\n<div style=\"height:29px\" aria-hidden=\"true\" class=\"wp-block-spacer\"><\/div>\n\n\n\n<p class=\"has-text-align-left has-foreground-color has-text-color has-link-color wp-elements-4690fbb76db4768c89047db5f374de93\" style=\"margin-right:var(--wp--preset--spacing--40);margin-left:var(--wp--preset--spacing--40);font-size:clamp(14px, 0.875rem + ((1vw - 3.2px) * 0.125), 16px);\">La <strong>Extensi\u00f3n Acad\u00e9mica del Colegio Marymount<\/strong> impulsa un programa de formaci\u00f3n integral que complementa el curr\u00edculo acad\u00e9mico mediante experiencias <strong>co y extracurriculares deportivas, art\u00edsticas, sociales y culturales<\/strong>. Desde temprana edad, nuestros estudiantes exploran sus intereses a trav\u00e9s de una amplia oferta de oportunidades que enriquecen su proyecto de vida. Actualmente, la Oficina de Extensi\u00f3n Acad\u00e9mica lidera los programas de <strong>MACC, Clubes y Organizaciones Estudiantiles, Semilleros, Electivas, Intercambios, Exploraciones<\/strong> y el <strong>campamento de verano Eagles Camp<\/strong>.<\/p>\n\n\n\n<div style=\"height:17px\" aria-hidden=\"true\" class=\"wp-block-spacer\"><\/div>\n\n\n\n<p class=\"has-text-align-left has-foreground-color has-text-color has-link-color wp-elements-512eb767e824d2ee76342c18d90391e7\" style=\"padding-right:var(--wp--preset--spacing--30);padding-left:var(--wp--preset--spacing--30);font-size:clamp(14px, 0.875rem + ((1vw - 3.2px) * 0.125), 16px);\">Con <strong>MACC (Marymount Athletic and Cultural Club)<\/strong>, los estudiantes desarrollan sus pasiones en espacios fuera del aula, fortaleciendo valores como la disciplina, el trabajo en equipo y la resiliencia. Nuestra <strong>academia deportiva y musical<\/strong> impulsa sus talentos, potenciando habilidades que los destacan en diferentes escenarios.<\/p>\n\n\n\n<p class=\"has-text-align-left has-foreground-color has-text-color has-link-color wp-elements-b2c47550eb9ba6a4951dc722783e4b1f\" style=\"padding-right:var(--wp--preset--spacing--30);padding-left:var(--wp--preset--spacing--30);font-size:clamp(14px, 0.875rem + ((1vw - 3.2px) * 0.125), 16px);\">Nuestros <strong>equipos Varsity, y los clubes y organizaciones estudiantiles<\/strong> consolidan el liderazgo emprendedor y la conciencia social a trav\u00e9s de los valores <strong>SHERR<\/strong>, mientras que los <strong>intercambios internacionales<\/strong> y las <strong>exploraciones acad\u00e9micas<\/strong> promueven la competencia global que los prepara para la vida. Finalmente, el <strong>Eagles Camp<\/strong> refuerza el sentido de pertenencia y brinda a toda la comunidad una experiencia \u00fanica Marymount.<\/p>\n\n\n\n<div style=\"height:47px\" aria-hidden=\"true\" class=\"wp-block-spacer\"><\/div>\n\n\n\n<div style=\"height:0px\" aria-hidden=\"true\" class=\"wp-block-spacer\"><\/div>\n\n\n\n<div class=\"wp-block-columns is-layout-flex wp-container-core-columns-is-layout-28f84493 wp-block-columns-is-layout-flex\">\n<div class=\"wp-block-column is-layout-flow wp-block-column-is-layout-flow\" style=\"flex-basis:50%\">\n<div class=\"wp-block-cover has-background-color has-text-color has-link-color wp-elements-332046614523a9bccaefedbb17adbaec\" style=\"min-height:680px;aspect-ratio:unset;\"><img fetchpriority=\"high\" decoding=\"async\" width=\"5184\" height=\"3456\" class=\"wp-block-cover__image-background wp-image-1883 size-full\" alt=\"\" src=\"https:\/\/marymountbq.edu.co\/site\/wp-content\/uploads\/2024\/07\/IMG_5287-1.jpg\" data-object-fit=\"cover\"\/><span aria-hidden=\"true\" class=\"wp-block-cover__background has-primary-background-color has-background-dim-70 has-background-dim\"><\/span><div class=\"wp-block-cover__inner-container is-layout-constrained wp-container-core-cover-is-layout-19e250f3 wp-block-cover-is-layout-constrained\">\n<p class=\"has-text-align-center has-foreground-alt-color has-text-color has-link-color has-poppins-font-family has-big-font-size wp-elements-7ee023a86b887a005886583b9f0d3205\"><strong>MACC<\/strong><\/p>\n\n\n\n<p class=\"has-text-align-center has-background-color has-text-color has-link-color has-normal-font-size wp-elements-6f386924d2e8c50d32764543a9f436ec\" style=\"margin-top:var(--wp--preset--spacing--50);margin-bottom:var(--wp--preset--spacing--50);line-height:1.5\">Nuestra escuela extracurricular de Deportes y Cultura, donde sus hijos desarrollan<br>habilidades, disciplina y pasi\u00f3n fuera del aula.<\/p>\n\n\n\n<div class=\"wp-block-buttons is-content-justification-center is-layout-flex wp-container-core-buttons-is-layout-5b5683f2 wp-block-buttons-is-layout-flex\">\n<div class=\"wp-block-button is-style-outline is-style-outline--1\"><a class=\"wp-block-button__link has-text-align-center wp-element-button\" href=\"https:\/\/marymountbq.edu.co\/site\/macc-2\/\" target=\"_blank\" rel=\"noreferrer noopener\">Conoce m\u00e1s aqu\u00ed<\/a><\/div>\n<\/div>\n<\/div><\/div>\n<\/div>\n\n\n\n<div class=\"wp-block-column is-layout-flow wp-block-column-is-layout-flow\" style=\"flex-basis:50%\">\n<div class=\"wp-block-cover has-background-color has-text-color has-link-color wp-elements-c973acd8b4347fe4d23a87004daf4846\" style=\"min-height:680px;aspect-ratio:unset;\"><img decoding=\"async\" width=\"949\" height=\"670\" class=\"wp-block-cover__image-background wp-image-1391\" alt=\"\" src=\"https:\/\/marymountbq.edu.co\/site\/wp-content\/uploads\/2024\/07\/photo-2022-05-16-08-32-13-2.jpg\" data-object-fit=\"cover\" srcset=\"https:\/\/marymountbq.edu.co\/site\/wp-content\/uploads\/2024\/07\/photo-2022-05-16-08-32-13-2.jpg 949w, https:\/\/marymountbq.edu.co\/site\/wp-content\/uploads\/2024\/07\/photo-2022-05-16-08-32-13-2-300x212.jpg 300w, https:\/\/marymountbq.edu.co\/site\/wp-content\/uploads\/2024\/07\/photo-2022-05-16-08-32-13-2-768x542.jpg 768w\" sizes=\"(max-width: 949px) 100vw, 949px\" \/><span aria-hidden=\"true\" class=\"wp-block-cover__background has-primary-background-color has-background-dim-70 has-background-dim\"><\/span><div class=\"wp-block-cover__inner-container is-layout-constrained wp-container-core-cover-is-layout-19e250f3 wp-block-cover-is-layout-constrained\">\n<p class=\"has-text-align-center has-foreground-alt-color has-text-color has-link-color has-poppins-font-family has-big-font-size wp-elements-79e510bb1f6346f34bc9fa7e6b8fc5a8\"><strong>CLUBES y ORGANIZACIONES ESTUDIANTILES<\/strong><\/p>\n\n\n\n<p class=\"has-text-align-center has-background-color has-text-color has-link-color has-normal-font-size wp-elements-f40596d82544e75f4e7deb835e99d9c3\" style=\"margin-top:var(--wp--preset--spacing--50);margin-bottom:var(--wp--preset--spacing--50);line-height:1.5\">Fomentamos el desarrollo del liderazgo emprendedor y servicio social como un sello distintivo Marymount, a traves de experiencias lideradas por los mismos estudiantes.<\/p>\n\n\n\n<div class=\"wp-block-buttons alignfull is-horizontal is-content-justification-center is-layout-flex wp-container-core-buttons-is-layout-03627597 wp-block-buttons-is-layout-flex\">\n<div class=\"wp-block-button is-style-outline is-style-outline--2\"><a class=\"wp-block-button__link has-background-color has-text-color has-link-color wp-element-button\" href=\"https:\/\/marymountbq.edu.co\/site\/clubes-estudiantiles\/\" target=\"_blank\" rel=\"noreferrer noopener\">Conoce m\u00e1s sobre los clubes estudiantiles aqu\u00ed<\/a><\/div>\n<\/div>\n<\/div><\/div>\n<\/div>\n<\/div>\n\n\n\n<div style=\"height:28px\" aria-hidden=\"true\" class=\"wp-block-spacer\"><\/div>\n\n\n\n<div class=\"wp-block-columns is-layout-flex wp-container-core-columns-is-layout-28f84493 wp-block-columns-is-layout-flex\">\n<div class=\"wp-block-column is-layout-flow wp-block-column-is-layout-flow\" style=\"flex-basis:50%\">\n<div class=\"wp-block-cover has-background-color has-text-color has-link-color wp-elements-ae82f13ebaa3cf8e37f634fc2ca31e71\" style=\"min-height:680px;aspect-ratio:unset;\"><img decoding=\"async\" width=\"5184\" height=\"3456\" class=\"wp-block-cover__image-background wp-image-1894 size-full\" alt=\"\" src=\"https:\/\/marymountbq.edu.co\/site\/wp-content\/uploads\/2024\/07\/IMG_2786-1.jpg\" data-object-fit=\"cover\"\/><span aria-hidden=\"true\" class=\"wp-block-cover__background has-primary-background-color has-background-dim-70 has-background-dim\"><\/span><div class=\"wp-block-cover__inner-container is-layout-constrained wp-container-core-cover-is-layout-19e250f3 wp-block-cover-is-layout-constrained\">\n<p class=\"has-text-align-center has-foreground-alt-color has-text-color has-link-color has-poppins-font-family has-big-font-size wp-elements-d53772ba8f54015ea9cda11119f8a152\"><strong><strong>Intercambios y Semilleros<\/strong><\/strong><\/p>\n\n\n\n<p class=\"has-text-align-center has-background-color has-text-color has-link-color has-normal-font-size wp-elements-d7003631d81f8742d8742fb17543941a\" style=\"margin-top:var(--wp--preset--spacing--50);margin-bottom:var(--wp--preset--spacing--50);line-height:1.5\">Ampliamos horizontes y fortalecemos su visi\u00f3n global oportunidades<br>intercambio cultural, deportivo y acad\u00e9mico, y complementamos el curr\u00edculo con Electivas y Semilleros basados en sus intereses.<\/p>\n\n\n\n<div class=\"wp-block-buttons is-content-justification-center is-layout-flex wp-container-core-buttons-is-layout-a89b3969 wp-block-buttons-is-layout-flex\">\n<div class=\"wp-block-button is-style-outline is-style-outline--3\"><a class=\"wp-block-button__link wp-element-button\" href=\"https:\/\/marymountbq.edu.co\/site\/expediciones-e-intercambios\/\" target=\"_blank\" rel=\"noreferrer noopener\">Conoce m\u00e1s aqu\u00ed<\/a><\/div>\n<\/div>\n<\/div><\/div>\n<\/div>\n\n\n\n<div class=\"wp-block-column is-layout-flow wp-block-column-is-layout-flow\" style=\"flex-basis:50%\">\n<div class=\"wp-block-cover has-background-color has-text-color has-link-color wp-elements-aed54810a40bdacda25d0171d88a0480\" style=\"min-height:680px;aspect-ratio:unset;\"><img loading=\"lazy\" decoding=\"async\" width=\"711\" height=\"1024\" class=\"wp-block-cover__image-background wp-image-3977 size-large\" alt=\"\" src=\"https:\/\/marymountbq.edu.co\/site\/wp-content\/uploads\/2025\/08\/Diseno-sin-titulo-47-1-711x1024.png\" style=\"object-position:54% 26%\" data-object-fit=\"cover\" data-object-position=\"54% 26%\" srcset=\"https:\/\/marymountbq.edu.co\/site\/wp-content\/uploads\/2025\/08\/Diseno-sin-titulo-47-1-711x1024.png 711w, https:\/\/marymountbq.edu.co\/site\/wp-content\/uploads\/2025\/08\/Diseno-sin-titulo-47-1-208x300.png 208w, https:\/\/marymountbq.edu.co\/site\/wp-content\/uploads\/2025\/08\/Diseno-sin-titulo-47-1-768x1106.png 768w, https:\/\/marymountbq.edu.co\/site\/wp-content\/uploads\/2025\/08\/Diseno-sin-titulo-47-1-1067x1536.png 1067w, https:\/\/marymountbq.edu.co\/site\/wp-content\/uploads\/2025\/08\/Diseno-sin-titulo-47-1.png 1080w\" sizes=\"(max-width: 711px) 100vw, 711px\" \/><span aria-hidden=\"true\" class=\"wp-block-cover__background has-primary-background-color has-background-dim-70 has-background-dim\"><\/span><div class=\"wp-block-cover__inner-container is-layout-constrained wp-container-core-cover-is-layout-19e250f3 wp-block-cover-is-layout-constrained\">\n<p class=\"has-text-align-center has-foreground-alt-color has-text-color has-link-color has-poppins-font-family has-big-font-size wp-elements-ea3844e6c8f2b2b9f3422edeb82f29f3\"><strong><strong>Eagles Camp<\/strong><\/strong><\/p>\n\n\n\n<p class=\"has-text-align-center has-background-color has-text-color has-link-color has-normal-font-size wp-elements-5723355af3f1e8a3423cc601f80a4c4b\" style=\"margin-top:var(--wp--preset--spacing--50);margin-bottom:var(--wp--preset--spacing--50);line-height:1.5\">Ofrecemos un campamento de verano lleno de diversi\u00f3n y aprendizaje donde sus hijos desarrollan liderazgo, autonom\u00eda, confianza y grandes amistades.<\/p>\n\n\n\n<div class=\"wp-block-columns is-layout-flex wp-container-core-columns-is-layout-28f84493 wp-block-columns-is-layout-flex\">\n<div class=\"wp-block-column is-layout-flow wp-block-column-is-layout-flow\">\n<div class=\"wp-block-buttons is-content-justification-center is-layout-flex wp-container-core-buttons-is-layout-a89b3969 wp-block-buttons-is-layout-flex\">\n<div class=\"wp-block-button is-style-outline is-style-outline--4\"><a class=\"wp-block-button__link has-text-align-center wp-element-button\" href=\"https:\/\/marymountbq.edu.co\/site\/eagles-camp\/\" target=\"_blank\" rel=\"noreferrer noopener\">Conoce m\u00e1s aqu\u00ed<\/a><\/div>\n<\/div>\n<\/div>\n<\/div>\n<\/div><\/div>\n<\/div>\n<\/div>\n\n\n\n<div style=\"height:38px\" aria-hidden=\"true\" class=\"wp-block-spacer\"><\/div>\n\n\n\n<div style=\"height:39px\" aria-hidden=\"true\" class=\"wp-block-spacer\"><\/div>\n\n\n\n<p class=\"has-text-align-center has-text-color has-link-color has-poppins-font-family has-xx-large-font-size wp-elements-d202afab6bc0f56f628d9d8939ff1b67\" style=\"color:#1f2d55;font-style:normal;font-weight:600\">Experiencias estudiantiles<\/p>\n\n\n\n<div style=\"height:21px\" aria-hidden=\"true\" class=\"wp-block-spacer\"><\/div>\n\n\n\n<div class=\"wp-block-cb-carousel\" data-slick=\"{&quot;slidesToShow&quot;:3,&quot;slidesToScroll&quot;:1,&quot;speed&quot;:300,&quot;arrows&quot;:true,&quot;dots&quot;:true,&quot;autoplay&quot;:true,&quot;autoplaySpeed&quot;:3000,&quot;infinite&quot;:false,&quot;responsive&quot;:[{&quot;breakpoint&quot;:769,&quot;settings&quot;:{&quot;slidesToShow&quot;:1,&quot;slidesToScroll&quot;:1}}]}\">\n<div class=\"wp-block-cb-slide\">\n<figure class=\"wp-block-image size-large\"><img loading=\"lazy\" decoding=\"async\" width=\"1024\" height=\"683\" src=\"https:\/\/marymountbq.edu.co\/site\/wp-content\/uploads\/2025\/08\/Diseno-sin-titulo-4-1024x683.png\" alt=\"\" class=\"wp-image-4409\" srcset=\"https:\/\/marymountbq.edu.co\/site\/wp-content\/uploads\/2025\/08\/Diseno-sin-titulo-4-1024x683.png 1024w, https:\/\/marymountbq.edu.co\/site\/wp-content\/uploads\/2025\/08\/Diseno-sin-titulo-4-300x200.png 300w, https:\/\/marymountbq.edu.co\/site\/wp-content\/uploads\/2025\/08\/Diseno-sin-titulo-4-768x512.png 768w, https:\/\/marymountbq.edu.co\/site\/wp-content\/uploads\/2025\/08\/Diseno-sin-titulo-4-1536x1025.png 1536w, https:\/\/marymountbq.edu.co\/site\/wp-content\/uploads\/2025\/08\/Diseno-sin-titulo-4.png 2048w\" sizes=\"(max-width: 1024px) 100vw, 1024px\" \/><\/figure>\n<\/div>\n\n\n\n<div class=\"wp-block-cb-slide\">\n<figure class=\"wp-block-image size-full is-resized\"><img loading=\"lazy\" decoding=\"async\" width=\"5184\" height=\"3456\" src=\"https:\/\/marymountbq.edu.co\/site\/wp-content\/uploads\/2024\/07\/IMG_4960-1.jpg\" alt=\"\" class=\"wp-image-1875\" style=\"width:617px;height:auto\"\/><\/figure>\n<\/div>\n\n\n\n<div class=\"wp-block-cb-slide\">\n<figure class=\"wp-block-image size-large\"><img loading=\"lazy\" decoding=\"async\" width=\"1024\" height=\"683\" src=\"https:\/\/marymountbq.edu.co\/site\/wp-content\/uploads\/2024\/07\/Banner-Vida-espiritual-1-2-1024x683.jpg\" alt=\"\" class=\"wp-image-1879\" srcset=\"https:\/\/marymountbq.edu.co\/site\/wp-content\/uploads\/2024\/07\/Banner-Vida-espiritual-1-2-1024x683.jpg 1024w, https:\/\/marymountbq.edu.co\/site\/wp-content\/uploads\/2024\/07\/Banner-Vida-espiritual-1-2-300x200.jpg 300w, https:\/\/marymountbq.edu.co\/site\/wp-content\/uploads\/2024\/07\/Banner-Vida-espiritual-1-2-768x512.jpg 768w, https:\/\/marymountbq.edu.co\/site\/wp-content\/uploads\/2024\/07\/Banner-Vida-espiritual-1-2-1536x1024.jpg 1536w, https:\/\/marymountbq.edu.co\/site\/wp-content\/uploads\/2024\/07\/Banner-Vida-espiritual-1-2-2048x1365.jpg 2048w\" sizes=\"(max-width: 1024px) 100vw, 1024px\" \/><\/figure>\n<\/div>\n\n\n\n<div class=\"wp-block-cb-slide\">\n<figure class=\"wp-block-image size-full\"><img loading=\"lazy\" decoding=\"async\" width=\"5184\" height=\"3456\" src=\"https:\/\/marymountbq.edu.co\/site\/wp-content\/uploads\/2024\/07\/IMG_3426-1.jpg\" alt=\"\" class=\"wp-image-1878\"\/><\/figure>\n<\/div>\n\n\n\n<div class=\"wp-block-cb-slide\">\n<figure class=\"wp-block-image size-full\"><img loading=\"lazy\" decoding=\"async\" width=\"5184\" height=\"3456\" src=\"https:\/\/marymountbq.edu.co\/site\/wp-content\/uploads\/2024\/07\/IMG_2786-1.jpg\" alt=\"\" class=\"wp-image-1894\"\/><\/figure>\n<\/div>\n\n\n\n<div class=\"wp-block-cb-slide\">\n<figure class=\"wp-block-image size-full\"><img loading=\"lazy\" decoding=\"async\" width=\"5184\" height=\"3456\" src=\"https:\/\/marymountbq.edu.co\/site\/wp-content\/uploads\/2024\/07\/IMG_5026-1.jpg\" alt=\"\" class=\"wp-image-1880\"\/><\/figure>\n<\/div>\n\n\n\n<div class=\"wp-block-cb-slide\">\n<figure class=\"wp-block-image size-full\"><img loading=\"lazy\" decoding=\"async\" width=\"5184\" height=\"3456\" src=\"https:\/\/marymountbq.edu.co\/site\/wp-content\/uploads\/2024\/07\/IMG_8206-1.jpg\" alt=\"\" class=\"wp-image-1882\"\/><\/figure>\n<\/div>\n\n\n\n<div class=\"wp-block-cb-slide\">\n<figure class=\"wp-block-image size-large\"><img loading=\"lazy\" decoding=\"async\" width=\"1024\" height=\"683\" src=\"https:\/\/marymountbq.edu.co\/site\/wp-content\/uploads\/2024\/07\/banner-macc-upper-elementary-1024x683.jpg\" alt=\"\" class=\"wp-image-1420\" srcset=\"https:\/\/marymountbq.edu.co\/site\/wp-content\/uploads\/2024\/07\/banner-macc-upper-elementary-1024x683.jpg 1024w, https:\/\/marymountbq.edu.co\/site\/wp-content\/uploads\/2024\/07\/banner-macc-upper-elementary-300x200.jpg 300w, https:\/\/marymountbq.edu.co\/site\/wp-content\/uploads\/2024\/07\/banner-macc-upper-elementary-768x512.jpg 768w, https:\/\/marymountbq.edu.co\/site\/wp-content\/uploads\/2024\/07\/banner-macc-upper-elementary-1536x1024.jpg 1536w, https:\/\/marymountbq.edu.co\/site\/wp-content\/uploads\/2024\/07\/banner-macc-upper-elementary-2048x1365.jpg 2048w\" sizes=\"(max-width: 1024px) 100vw, 1024px\" \/><\/figure>\n<\/div>\n\n\n\n<div class=\"wp-block-cb-slide\">\n<figure class=\"wp-block-image size-full\"><img loading=\"lazy\" decoding=\"async\" width=\"5184\" height=\"3456\" src=\"https:\/\/marymountbq.edu.co\/site\/wp-content\/uploads\/2024\/07\/IMG_5287-1.jpg\" alt=\"\" class=\"wp-image-1883\"\/><\/figure>\n<\/div>\n\n\n\n<div class=\"wp-block-cb-slide\">\n<figure class=\"wp-block-image size-full\"><img loading=\"lazy\" decoding=\"async\" width=\"5184\" height=\"3456\" src=\"https:\/\/marymountbq.edu.co\/site\/wp-content\/uploads\/2024\/07\/IMG_8147-1.jpg\" alt=\"\" class=\"wp-image-1891\"\/><\/figure>\n<\/div>\n\n\n\n<div class=\"wp-block-cb-slide\">\n<figure class=\"wp-block-image size-full\"><img loading=\"lazy\" decoding=\"async\" width=\"5184\" height=\"3456\" src=\"https:\/\/marymountbq.edu.co\/site\/wp-content\/uploads\/2024\/07\/IMG_8061-2.jpg\" alt=\"\" class=\"wp-image-1892\"\/><\/figure>\n<\/div>\n\n\n\n<div class=\"wp-block-cb-slide\">\n<figure class=\"wp-block-image size-full\"><img loading=\"lazy\" decoding=\"async\" width=\"5184\" height=\"3456\" src=\"https:\/\/marymountbq.edu.co\/site\/wp-content\/uploads\/2024\/07\/IMG_4920-2.jpg\" alt=\"\" class=\"wp-image-1876\"\/><\/figure>\n<\/div>\n\n\n\n<div class=\"wp-block-cb-slide\">\n<figure class=\"wp-block-image size-large\"><img loading=\"lazy\" decoding=\"async\" width=\"1024\" height=\"683\" src=\"https:\/\/marymountbq.edu.co\/site\/wp-content\/uploads\/2025\/08\/Diseno-sin-titulo-3-1-1024x683.png\" alt=\"\" class=\"wp-image-4410\" srcset=\"https:\/\/marymountbq.edu.co\/site\/wp-content\/uploads\/2025\/08\/Diseno-sin-titulo-3-1-1024x683.png 1024w, https:\/\/marymountbq.edu.co\/site\/wp-content\/uploads\/2025\/08\/Diseno-sin-titulo-3-1-300x200.png 300w, https:\/\/marymountbq.edu.co\/site\/wp-content\/uploads\/2025\/08\/Diseno-sin-titulo-3-1-768x512.png 768w, https:\/\/marymountbq.edu.co\/site\/wp-content\/uploads\/2025\/08\/Diseno-sin-titulo-3-1-1536x1025.png 1536w, https:\/\/marymountbq.edu.co\/site\/wp-content\/uploads\/2025\/08\/Diseno-sin-titulo-3-1.png 2048w\" sizes=\"(max-width: 1024px) 100vw, 1024px\" \/><\/figure>\n<\/div>\n\n\n\n<div class=\"wp-block-cb-slide\">\n<figure class=\"wp-block-image size-large\"><img loading=\"lazy\" decoding=\"async\" width=\"1024\" height=\"683\" src=\"https:\/\/marymountbq.edu.co\/site\/wp-content\/uploads\/2025\/08\/Diseno-sin-titulo-5-1-1024x683.png\" alt=\"\" class=\"wp-image-4412\" srcset=\"https:\/\/marymountbq.edu.co\/site\/wp-content\/uploads\/2025\/08\/Diseno-sin-titulo-5-1-1024x683.png 1024w, https:\/\/marymountbq.edu.co\/site\/wp-content\/uploads\/2025\/08\/Diseno-sin-titulo-5-1-300x200.png 300w, https:\/\/marymountbq.edu.co\/site\/wp-content\/uploads\/2025\/08\/Diseno-sin-titulo-5-1-768x512.png 768w, https:\/\/marymountbq.edu.co\/site\/wp-content\/uploads\/2025\/08\/Diseno-sin-titulo-5-1-1536x1025.png 1536w, https:\/\/marymountbq.edu.co\/site\/wp-content\/uploads\/2025\/08\/Diseno-sin-titulo-5-1.png 2048w\" sizes=\"(max-width: 1024px) 100vw, 1024px\" \/><\/figure>\n<\/div>\n<\/div>\n\n\n\n<div style=\"height:19px\" aria-hidden=\"true\" class=\"wp-block-spacer\"><\/div>\n\n\n\n<div style=\"height:52px\" aria-hidden=\"true\" class=\"wp-block-spacer\"><\/div>\n\n\n\n<p class=\"has-text-align-center has-text-color has-link-color has-xx-large-font-size wp-elements-61f907ef52bcc4c51f552846e6e9f4cc\" style=\"color:#1f2d55\"><strong>Esp\u00e9ralo pronto<\/strong> <\/p>\n\n\n\n<figure class=\"wp-block-embed is-type-video is-provider-youtube wp-block-embed-youtube wp-embed-aspect-16-9 wp-has-aspect-ratio\" style=\"margin-top:var(--wp--preset--spacing--50);margin-bottom:var(--wp--preset--spacing--50)\"><div class=\"wp-block-embed__wrapper\">\n<iframe title=\"Video Reveleation Seniors Cup\" width=\"500\" height=\"281\" src=\"https:\/\/www.youtube.com\/embed\/9Frwrb735MM?feature=oembed\" frameborder=\"0\" allow=\"accelerometer; autoplay; clipboard-write; encrypted-media; gyroscope; picture-in-picture; web-share\" referrerpolicy=\"strict-origin-when-cross-origin\" allowfullscreen><\/iframe>\n<\/div><\/figure>\n\n\n\n<div style=\"height:0px\" aria-hidden=\"true\" class=\"wp-block-spacer\"><\/div>\n\n\n\n<p><\/p>\n","protected":false},"excerpt":{"rendered":"<p>La Extensi\u00f3n Acad\u00e9mica del Colegio Marymount impulsa un programa de formaci\u00f3n integral que complementa el curr\u00edculo acad\u00e9mico mediante experiencias co y extracurriculares deportivas, art\u00edsticas, sociales y culturales. Desde temprana edad, nuestros estudiantes exploran sus intereses a trav\u00e9s de una amplia oferta de oportunidades que enriquecen su proyecto de vida. Actualmente, la Oficina de Extensi\u00f3n Acad\u00e9mica&#8230;<\/p>\n","protected":false},"author":2,"featured_media":0,"parent":0,"menu_order":0,"comment_status":"closed","ping_status":"closed","template":"","meta":{"footnotes":""},"class_list":["post-3955","page","type-page","status-publish","hentry"],"_links":{"self":[{"href":"https:\/\/marymountbq.edu.co\/site\/wp-json\/wp\/v2\/pages\/3955","targetHints":{"allow":["GET"]}}],"collection":[{"href":"https:\/\/marymountbq.edu.co\/site\/wp-json\/wp\/v2\/pages"}],"about":[{"href":"https:\/\/marymountbq.edu.co\/site\/wp-json\/wp\/v2\/types\/page"}],"author":[{"embeddable":true,"href":"https:\/\/marymountbq.edu.co\/site\/wp-json\/wp\/v2\/users\/2"}],"replies":[{"embeddable":true,"href":"https:\/\/marymountbq.edu.co\/site\/wp-json\/wp\/v2\/comments?post=3955"}],"version-history":[{"count":27,"href":"https:\/\/marymountbq.edu.co\/site\/wp-json\/wp\/v2\/pages\/3955\/revisions"}],"predecessor-version":[{"id":5177,"href":"https:\/\/marymountbq.edu.co\/site\/wp-json\/wp\/v2\/pages\/3955\/revisions\/5177"}],"wp:attachment":[{"href":"https:\/\/marymountbq.edu.co\/site\/wp-json\/wp\/v2\/media?parent=3955"}],"curies":[{"name":"wp","href":"https:\/\/api.w.org\/{rel}","templated":true}]}}